Last updated on 2024-04-26 19:49:08 CEST.
Flavor | Version | Tinstall | Tcheck | Ttotal | Status | Flags |
---|---|---|---|---|---|---|
r-devel-linux-x86_64-debian-clang | 1.2.2 | 5.00 | 62.91 | 67.91 | OK | |
r-devel-linux-x86_64-debian-gcc | 1.2.2 | 4.92 | 42.86 | 47.78 | OK | |
r-devel-linux-x86_64-fedora-clang | 1.2.2 | 82.94 | NOTE | |||
r-devel-linux-x86_64-fedora-gcc | 1.2.2 | 79.34 | NOTE | |||
r-devel-windows-x86_64 | 1.2.2 | 7.00 | 65.00 | 72.00 | OK | |
r-patched-linux-x86_64 | 1.2.2 | 4.33 | 57.64 | 61.97 | OK | |
r-release-linux-x86_64 | 1.2.2 | 6.17 | 59.30 | 65.47 | OK | |
r-release-macos-arm64 | 1.2.2 | 28.00 | OK | |||
r-release-macos-x86_64 | 1.2.2 | 67.00 | OK | |||
r-release-windows-x86_64 | 1.2.2 | 7.00 | 62.00 | 69.00 | OK | |
r-oldrel-macos-arm64 | 1.2.2 | 30.00 | OK | |||
r-oldrel-macos-x86_64 | 1.2.2 | 48.00 | OK | |||
r-oldrel-windows-x86_64 | 1.2.2 | 9.00 | 76.00 | 85.00 | OK |
Version: 1.2.2
Check: dependencies in R code
Result: NOTE
Namespace in Imports field not imported from: ‘Rdpack’
All declared Imports should be used.
Flavors: r-devel-linux-x86_64-fedora-clang, r-devel-linux-x86_64-fedora-gcc