Last updated on 2023-09-28 08:58:48 CEST.
Flavor | Version | Tinstall | Tcheck | Ttotal | Status | Flags |
---|---|---|---|---|---|---|
r-devel-linux-x86_64-debian-clang | 0.2.5 | 13.72 | 119.73 | 133.45 | OK | |
r-devel-linux-x86_64-debian-gcc | 0.2.5 | 12.35 | 90.34 | 102.69 | OK | |
r-devel-linux-x86_64-fedora-clang | 0.2.5 | 162.54 | NOTE | |||
r-devel-linux-x86_64-fedora-gcc | 0.2.5 | 184.57 | NOTE | |||
r-devel-windows-x86_64 | 0.2.5 | 14.00 | 104.00 | 118.00 | OK | |
r-patched-linux-x86_64 | 0.2.5 | 14.00 | 115.64 | 129.64 | OK | |
r-release-linux-x86_64 | 0.2.5 | 14.33 | 116.37 | 130.70 | OK | |
r-release-macos-arm64 | 0.2.5 | 55.00 | OK | |||
r-release-macos-x86_64 | 0.2.5 | 93.00 | OK | |||
r-release-windows-x86_64 | 0.2.5 | 19.00 | 130.00 | 149.00 | OK | |
r-oldrel-macos-arm64 | 0.2.5 | 64.00 | NOTE | |||
r-oldrel-macos-x86_64 | 0.2.5 | 87.00 | NOTE | |||
r-oldrel-windows-x86_64 | 0.2.5 | 19.00 | 135.00 | 154.00 | OK |
Version: 0.2.5
Check: data for non-ASCII characters
Result: NOTE
Note: found 1350 marked UTF-8 strings
Flavors: r-devel-linux-x86_64-fedora-clang, r-devel-linux-x86_64-fedora-gcc, r-oldrel-macos-arm64, r-oldrel-macos-x86_64