Last updated on 2023-11-29 07:52:07 CET.
Flavor | Version | Tinstall | Tcheck | Ttotal | Status | Flags |
---|---|---|---|---|---|---|
r-devel-linux-x86_64-debian-clang | 1.16.0 | 11.87 | 100.82 | 112.69 | OK | |
r-devel-linux-x86_64-debian-gcc | 1.16.0 | 9.65 | 73.81 | 83.46 | OK | |
r-devel-linux-x86_64-fedora-clang | 1.16.0 | 149.34 | NOTE | |||
r-devel-linux-x86_64-fedora-gcc | 1.16.0 | 159.26 | OK | |||
r-devel-windows-x86_64 | 1.16.0 | 14.00 | 89.00 | 103.00 | OK | |
r-patched-linux-x86_64 | 1.15.2 | 9.56 | 88.32 | 97.88 | OK | |
r-release-linux-x86_64 | 1.16.0 | 8.05 | 96.14 | 104.19 | OK | |
r-release-macos-arm64 | 1.16.0 | 59.00 | OK | |||
r-release-macos-x86_64 | 1.16.0 | 128.00 | OK | |||
r-release-windows-x86_64 | 1.16.0 | 16.00 | 101.00 | 117.00 | OK | |
r-oldrel-macos-arm64 | 1.16.0 | 51.00 | OK | |||
r-oldrel-macos-x86_64 | 1.15.2 | 71.00 | OK | |||
r-oldrel-windows-x86_64 | 1.16.0 | 14.00 | 106.00 | 120.00 | OK |
Version: 1.16.0
Check: installed package size
Result: NOTE
installed size is 5.0Mb
sub-directories of 1Mb or more:
extdata 3.0Mb
Flavor: r-devel-linux-x86_64-fedora-clang