Last updated on 2024-03-29 07:54:40 CET.
Flavor | Version | Tinstall | Tcheck | Ttotal | Status | Flags |
---|---|---|---|---|---|---|
r-devel-linux-x86_64-debian-clang | 1.2.9 | 43.79 | 369.38 | 413.17 | NOTE | |
r-devel-linux-x86_64-debian-gcc | 1.2.9 | 30.33 | 259.02 | 289.35 | NOTE | |
r-devel-linux-x86_64-fedora-clang | 1.2.9 | 471.90 | NOTE | |||
r-devel-linux-x86_64-fedora-gcc | 1.2.9 | 471.37 | NOTE | |||
r-devel-windows-x86_64 | 1.2.9 | 31.00 | 217.00 | 248.00 | NOTE | |
r-patched-linux-x86_64 | 1.2.9 | 38.13 | 351.13 | 389.26 | NOTE | |
r-release-linux-x86_64 | 1.2.9 | 33.77 | 350.85 | 384.62 | OK | |
r-release-macos-arm64 | 1.2.9 | 125.00 | OK | |||
r-release-macos-x86_64 | 1.2.9 | 217.00 | OK | |||
r-release-windows-x86_64 | 1.2.9 | 43.00 | 300.00 | 343.00 | OK | |
r-oldrel-macos-arm64 | 1.2.9 | 96.00 | OK | |||
r-oldrel-windows-x86_64 | 1.2.9 | 46.00 | 287.00 | 333.00 | OK |
Version: 1.2.9
Check: Rd files
Result: NOTE
checkRd: (-1) mcmc.fmove.Rd:81: Lost braces; missing escapes or markup?
81 | beta ~ N( 0 , tau^2 * QQ^{-1} )
| ^
Flavors: r-devel-linux-x86_64-debian-clang, r-devel-linux-x86_64-debian-gcc, r-devel-linux-x86_64-fedora-clang, r-devel-linux-x86_64-fedora-gcc, r-devel-windows-x86_64, r-patched-linux-x86_64