CRAN Package Check Results for Package crisp

Last updated on 2023-10-04 08:01:35 CEST.

Flavor Version Tinstall Tcheck Ttotal Status Flags
r-devel-linux-x86_64-debian-clang 1.0.0 6.06 69.72 75.78 NOTE
r-devel-linux-x86_64-debian-gcc 1.0.0 7.24 54.01 61.25 NOTE
r-devel-linux-x86_64-fedora-clang 1.0.0 95.00 NOTE
r-devel-linux-x86_64-fedora-gcc 1.0.0 95.03 NOTE
r-devel-windows-x86_64 1.0.0 7.00 69.00 76.00 NOTE
r-patched-linux-x86_64 1.0.0 10.16 69.00 79.16 NOTE
r-release-linux-x86_64 1.0.0 8.22 70.42 78.64 NOTE
r-release-macos-arm64 1.0.0 32.00 NOTE
r-release-macos-x86_64 1.0.0 50.00 NOTE
r-release-windows-x86_64 1.0.0 10.00 79.00 89.00 NOTE
r-oldrel-macos-arm64 1.0.0 31.00 NOTE
r-oldrel-macos-x86_64 1.0.0 43.00 NOTE
r-oldrel-windows-x86_64 1.0.0 10.00 80.00 90.00 NOTE

Check Details

Version: 1.0.0
Check: LazyData
Result: NOTE
     'LazyData' is specified without a 'data' directory
Flavors: r-devel-linux-x86_64-debian-clang, r-devel-linux-x86_64-debian-gcc, r-devel-linux-x86_64-fedora-clang, r-devel-linux-x86_64-fedora-gcc, r-devel-windows-x86_64, r-patched-linux-x86_64, r-release-linux-x86_64, r-release-macos-arm64, r-release-macos-x86_64, r-release-windows-x86_64, r-oldrel-macos-arm64, r-oldrel-macos-x86_64, r-oldrel-windows-x86_64