Last updated on 2023-12-07 06:51:38 CET.
Flavor | Version | Tinstall | Tcheck | Ttotal | Status | Flags |
---|---|---|---|---|---|---|
r-devel-linux-x86_64-debian-clang | 0.2.3 | 6.12 | 94.17 | 100.29 | OK | |
r-devel-linux-x86_64-debian-gcc | 0.2.3 | 6.21 | 71.20 | 77.41 | OK | |
r-devel-linux-x86_64-fedora-clang | 0.2.3 | 123.26 | NOTE | |||
r-devel-linux-x86_64-fedora-gcc | 0.2.3 | 128.39 | NOTE | |||
r-devel-windows-x86_64 | 0.2.3 | 7.00 | 99.00 | 106.00 | OK | |
r-patched-linux-x86_64 | 0.2.3 | 6.67 | 92.63 | 99.30 | OK | |
r-release-linux-x86_64 | 0.2.3 | 5.24 | 89.50 | 94.74 | OK | |
r-release-macos-arm64 | 0.2.3 | 52.00 | OK | |||
r-release-macos-x86_64 | 0.2.3 | 110.00 | OK | |||
r-release-windows-x86_64 | 0.2.3 | 10.00 | 104.00 | 114.00 | OK | |
r-oldrel-macos-arm64 | 0.2.3 | 47.00 | OK | |||
r-oldrel-macos-x86_64 | 0.2.3 | 70.00 | OK | |||
r-oldrel-windows-x86_64 | 0.2.3 | 11.00 | 107.00 | 118.00 | OK |
Version: 0.2.3
Check: data for non-ASCII characters
Result: NOTE
Note: found 37 marked UTF-8 strings
Flavors: r-devel-linux-x86_64-fedora-clang, r-devel-linux-x86_64-fedora-gcc