Last updated on 2024-03-28 19:48:28 CET.
Flavor | Version | Tinstall | Tcheck | Ttotal | Status | Flags |
---|---|---|---|---|---|---|
r-devel-linux-x86_64-debian-clang | 1.5.2 | 3.12 | 37.97 | 41.09 | NOTE | |
r-devel-linux-x86_64-debian-gcc | 1.5.2 | 2.62 | 28.92 | 31.54 | NOTE | |
r-devel-linux-x86_64-fedora-clang | 1.5.2 | 52.31 | NOTE | |||
r-devel-linux-x86_64-fedora-gcc | 1.5.2 | 50.93 | NOTE | |||
r-devel-windows-x86_64 | 1.5.2 | 5.00 | 51.00 | 56.00 | NOTE | |
r-patched-linux-x86_64 | 1.5.2 | 3.30 | 36.42 | 39.72 | NOTE | |
r-release-linux-x86_64 | 1.5.2 | 3.76 | 36.70 | 40.46 | OK | |
r-release-macos-arm64 | 1.5.2 | 19.00 | OK | |||
r-release-macos-x86_64 | 1.5.2 | 28.00 | OK | |||
r-release-windows-x86_64 | 1.5.2 | 6.00 | 54.00 | 60.00 | OK | |
r-oldrel-macos-arm64 | 1.5.2 | 18.00 | OK | |||
r-oldrel-windows-x86_64 | 1.5.2 | 7.00 | 68.00 | 75.00 | OK |
Version: 1.5.2
Check: Rd files
Result: NOTE
checkRd: (-1) make_style.Rd:51: Lost braces
51 | The style (the code{...} argument) can be anything of the
| ^
Flavors: r-devel-linux-x86_64-debian-clang, r-devel-linux-x86_64-debian-gcc, r-devel-linux-x86_64-fedora-clang, r-devel-linux-x86_64-fedora-gcc, r-devel-windows-x86_64, r-patched-linux-x86_64