Last updated on 2023-06-04 08:57:06 CEST.
Flavor | Version | Tinstall | Tcheck | Ttotal | Status | Flags |
---|---|---|---|---|---|---|
r-devel-linux-x86_64-debian-clang | 2.3.0 | 158.38 | 67.11 | 225.49 | OK | |
r-devel-linux-x86_64-debian-gcc | 2.3.0 | 113.33 | 49.59 | 162.92 | OK | |
r-devel-linux-x86_64-fedora-clang | 2.3.0 | 313.51 | OK | |||
r-devel-linux-x86_64-fedora-gcc | 2.3.0 | 310.81 | OK | |||
r-devel-windows-x86_64 | 2.3.0 | 114.00 | 105.00 | 219.00 | OK | --no-vignettes |
r-patched-linux-x86_64 | 2.3.0 | 124.82 | 62.21 | 187.03 | OK | |
r-release-linux-x86_64 | 2.3.0 | 127.30 | 61.24 | 188.54 | OK | |
r-release-macos-arm64 | 2.3.0 | 77.00 | NOTE | |||
r-release-macos-x86_64 | 2.3.0 | 125.00 | NOTE | |||
r-release-windows-x86_64 | 2.3.0 | 140.00 | 109.00 | 249.00 | OK | --no-vignettes |
r-oldrel-macos-arm64 | 2.3.0 | 80.00 | NOTE | |||
r-oldrel-macos-x86_64 | 2.3.0 | 90.00 | NOTE | |||
r-oldrel-windows-x86_64 | 2.3.0 | 138.00 | 116.00 | 254.00 | OK | --no-vignettes |
Version: 2.3.0
Check: installed package size
Result: NOTE
installed size is 6.3Mb
sub-directories of 1Mb or more:
libs 5.5Mb
Flavors: r-release-macos-arm64, r-release-macos-x86_64, r-oldrel-macos-arm64, r-oldrel-macos-x86_64