Last updated on 2024-04-18 20:55:30 CEST.
Flavor | Version | Tinstall | Tcheck | Ttotal | Status | Flags |
---|---|---|---|---|---|---|
r-devel-linux-x86_64-debian-clang | 0.4.0 | 81.00 | 456.67 | 537.67 | OK | |
r-devel-linux-x86_64-debian-gcc | 0.4.0 | 62.24 | 330.76 | 393.00 | OK | |
r-devel-linux-x86_64-fedora-clang | 0.4.0 | 689.86 | OK | |||
r-devel-linux-x86_64-fedora-gcc | 0.4.0 | 686.89 | OK | |||
r-prerel-macos-arm64 | 0.4.0 | 242.00 | NOTE | |||
r-prerel-macos-x86_64 | 0.4.0 | 596.00 | NOTE | |||
r-prerel-windows-x86_64 | 0.4.0 | 65.00 | 329.00 | 394.00 | OK | |
r-patched-linux-x86_64 | 0.4.0 | 57.51 | 436.70 | 494.21 | OK | |
r-release-linux-x86_64 | 0.4.0 | 55.14 | 408.18 | 463.32 | OK | |
r-release-macos-arm64 | 0.4.0 | 182.00 | NOTE | |||
r-release-macos-x86_64 | 0.4.0 | 354.00 | NOTE | |||
r-release-windows-x86_64 | 0.4.0 | 78.00 | 423.00 | 501.00 | OK | |
r-oldrel-macos-arm64 | 0.4.0 | 280.00 | NOTE | |||
r-oldrel-windows-x86_64 | 0.4.0 | 79.00 | 415.00 | 494.00 | OK |
Version: 0.4.0
Check: installed package size
Result: NOTE
installed size is 5.3Mb
sub-directories of 1Mb or more:
doc 1.6Mb
libs 2.9Mb
Flavors: r-prerel-macos-arm64, r-prerel-macos-x86_64, r-release-macos-arm64, r-release-macos-x86_64, r-oldrel-macos-arm64