Last updated on 2024-04-19 07:56:38 CEST.
Flavor | Version | Tinstall | Tcheck | Ttotal | Status | Flags |
---|---|---|---|---|---|---|
r-devel-linux-x86_64-debian-clang | 1.0.6 | 33.59 | 112.92 | 146.51 | NOTE | |
r-devel-linux-x86_64-debian-gcc | 1.0.6 | NOTE | ||||
r-devel-linux-x86_64-fedora-clang | 1.0.6 | 198.11 | NOTE | |||
r-devel-linux-x86_64-fedora-gcc | 1.0.6 | 195.90 | NOTE | |||
r-prerel-macos-arm64 | 1.0.6 | 65.00 | NOTE | |||
r-prerel-windows-x86_64 | 1.0.6 | 30.00 | 145.00 | 175.00 | NOTE | |
r-patched-linux-x86_64 | 1.0.6 | 22.49 | 107.45 | 129.94 | NOTE | |
r-release-linux-x86_64 | 1.0.6 | 21.93 | 104.55 | 126.48 | NOTE | |
r-release-macos-arm64 | 1.0.6 | 65.00 | NOTE | |||
r-release-macos-x86_64 | 1.0.6 | 116.00 | NOTE | |||
r-release-windows-x86_64 | 1.0.6 | 37.00 | 160.00 | 197.00 | NOTE | |
r-oldrel-macos-arm64 | 1.0.6 | 52.00 | OK | |||
r-oldrel-windows-x86_64 | 1.0.6 | 39.00 | 159.00 | 198.00 | OK |
Version: 1.0.6
Check: C++ specification
Result: NOTE
Specified C++14: please drop specification unless essential
Flavors: r-devel-linux-x86_64-debian-clang, r-devel-linux-x86_64-debian-gcc, r-devel-linux-x86_64-fedora-clang, r-devel-linux-x86_64-fedora-gcc, r-prerel-macos-arm64, r-prerel-windows-x86_64, r-patched-linux-x86_64, r-release-linux-x86_64, r-release-macos-arm64, r-release-macos-x86_64, r-release-windows-x86_64