Last updated on 2023-06-01 19:52:30 CEST.
Flavor | Version | Tinstall | Tcheck | Ttotal | Status | Flags |
---|---|---|---|---|---|---|
r-devel-linux-x86_64-debian-clang | 1.1.1 | 6.43 | 124.98 | 131.41 | NOTE | |
r-devel-linux-x86_64-debian-gcc | 1.1.1 | 6.08 | 94.97 | 101.05 | NOTE | |
r-devel-linux-x86_64-fedora-clang | 1.1.1 | 162.55 | NOTE | |||
r-devel-linux-x86_64-fedora-gcc | 1.1.1 | 161.49 | NOTE | |||
r-devel-windows-x86_64 | 1.1.1 | 8.00 | 113.00 | 121.00 | NOTE | |
r-patched-linux-x86_64 | 1.1.1 | NOTE | ||||
r-release-linux-x86_64 | 1.1.1 | 6.82 | 117.90 | 124.72 | NOTE | |
r-release-macos-arm64 | 1.1.1 | 52.00 | NOTE | |||
r-release-macos-x86_64 | 1.1.1 | 90.00 | NOTE | |||
r-release-windows-x86_64 | 1.1.1 | 10.00 | 145.00 | 155.00 | NOTE | |
r-oldrel-macos-arm64 | 1.1.1 | 44.00 | NOTE | |||
r-oldrel-macos-x86_64 | 1.1.1 | 65.00 | NOTE | |||
r-oldrel-windows-x86_64 | 1.1.1 | 11.00 | 140.00 | 151.00 | NOTE |
Version: 1.1.1
Check: LazyData
Result: NOTE
'LazyData' is specified without a 'data' directory
Flavors: r-devel-linux-x86_64-debian-clang, r-devel-linux-x86_64-debian-gcc, r-devel-linux-x86_64-fedora-clang, r-devel-linux-x86_64-fedora-gcc, r-devel-windows-x86_64, r-patched-linux-x86_64, r-release-linux-x86_64, r-release-macos-arm64, r-release-macos-x86_64, r-release-windows-x86_64, r-oldrel-macos-arm64, r-oldrel-macos-x86_64, r-oldrel-windows-x86_64