Last updated on 2023-09-23 08:10:51 CEST.
Flavor | Version | Tinstall | Tcheck | Ttotal | Status | Flags |
---|---|---|---|---|---|---|
r-devel-linux-x86_64-debian-clang | 1.0.0 | 3.29 | 210.54 | 213.83 | OK | |
r-devel-linux-x86_64-debian-gcc | 1.0.0 | 2.55 | 138.57 | 141.12 | OK | |
r-devel-linux-x86_64-fedora-clang | 1.0.0 | 268.53 | NOTE | |||
r-devel-linux-x86_64-fedora-gcc | 1.0.0 | 263.07 | NOTE | |||
r-devel-windows-x86_64 | 1.0.0 | 5.00 | 137.00 | 142.00 | OK | |
r-patched-linux-x86_64 | 1.0.0 | 3.35 | 210.65 | 214.00 | OK | |
r-release-linux-x86_64 | 1.0.0 | 3.27 | 214.78 | 218.05 | OK | |
r-release-macos-arm64 | 1.0.0 | 72.00 | OK | |||
r-release-macos-x86_64 | 1.0.0 | 98.00 | OK | |||
r-release-windows-x86_64 | 1.0.0 | 6.00 | 137.00 | 143.00 | OK | |
r-oldrel-macos-arm64 | 1.0.0 | 65.00 | NOTE | |||
r-oldrel-macos-x86_64 | 1.0.0 | 87.00 | NOTE | |||
r-oldrel-windows-x86_64 | 1.0.0 | 5.00 | 139.00 | 144.00 | OK |
Version: 1.0.0
Check: dependencies in R code
Result: NOTE
Namespaces in Imports field not imported from:
‘Rcpp’ ‘gsl’
All declared Imports should be used.
Flavors: r-devel-linux-x86_64-fedora-clang, r-devel-linux-x86_64-fedora-gcc, r-oldrel-macos-arm64, r-oldrel-macos-x86_64