Last updated on 2023-09-24 08:58:15 CEST.
Flavor | Version | Tinstall | Tcheck | Ttotal | Status | Flags |
---|---|---|---|---|---|---|
r-devel-linux-x86_64-debian-clang | 1.2.3 | 18.23 | 109.76 | 127.99 | OK | |
r-devel-linux-x86_64-debian-gcc | 1.2.3 | 14.64 | 81.22 | 95.86 | OK | |
r-devel-linux-x86_64-fedora-clang | 1.2.3 | 157.21 | NOTE | |||
r-devel-linux-x86_64-fedora-gcc | 1.2.3 | 167.04 | NOTE | |||
r-devel-windows-x86_64 | 1.2.3 | 17.00 | 100.00 | 117.00 | OK | |
r-patched-linux-x86_64 | 1.2.3 | 22.73 | 108.90 | 131.63 | OK | |
r-release-linux-x86_64 | 1.2.3 | 16.78 | 106.23 | 123.01 | OK | |
r-release-macos-arm64 | 1.2.3 | 42.00 | OK | |||
r-release-macos-x86_64 | 1.2.3 | 121.00 | OK | |||
r-release-windows-x86_64 | 1.2.3 | 24.00 | 117.00 | 141.00 | OK | |
r-oldrel-macos-arm64 | 1.2.3 | 45.00 | OK | |||
r-oldrel-macos-x86_64 | 1.2.3 | 64.00 | OK | |||
r-oldrel-windows-x86_64 | 1.2.3 | 23.00 | 117.00 | 140.00 | OK |
Version: 1.2.3
Check: dependencies in R code
Result: NOTE
Namespace in Imports field not imported from: ‘gstat’
All declared Imports should be used.
Flavors: r-devel-linux-x86_64-fedora-clang, r-devel-linux-x86_64-fedora-gcc