Last updated on 2024-03-29 07:54:40 CET.
Flavor | Version | Tinstall | Tcheck | Ttotal | Status | Flags |
---|---|---|---|---|---|---|
r-devel-linux-x86_64-debian-clang | 0.5.1 | 121.95 | 170.68 | 292.63 | OK | |
r-devel-linux-x86_64-debian-gcc | 0.5.1 | 88.02 | 128.26 | 216.28 | OK | |
r-devel-linux-x86_64-fedora-clang | 0.5.1 | 393.18 | NOTE | |||
r-devel-linux-x86_64-fedora-gcc | 0.5.1 | 388.92 | NOTE | |||
r-devel-windows-x86_64 | 0.5.1 | 90.00 | 173.00 | 263.00 | OK | |
r-patched-linux-x86_64 | 0.5.1 | 115.32 | 166.53 | 281.85 | OK | |
r-release-linux-x86_64 | 0.5.1 | 105.46 | 166.48 | 271.94 | OK | |
r-release-macos-arm64 | 0.5.1 | 83.00 | OK | |||
r-release-macos-x86_64 | 0.5.1 | 211.00 | OK | |||
r-release-windows-x86_64 | 0.5.1 | 103.00 | 217.00 | 320.00 | OK | |
r-oldrel-macos-arm64 | 0.5.1 | 81.00 | OK | |||
r-oldrel-windows-x86_64 | 0.5.1 | 100.00 | 197.00 | 297.00 | OK |
Version: 0.5.1
Check: data for non-ASCII characters
Result: NOTE
Note: found 438 marked UTF-8 strings
Flavors: r-devel-linux-x86_64-fedora-clang, r-devel-linux-x86_64-fedora-gcc