CRAN Package Check Results for Package coroICA

Last updated on 2023-06-03 08:05:40 CEST.

Flavor Version Tinstall Tcheck Ttotal Status Flags
r-devel-linux-x86_64-debian-clang 1.0.2 2.69 28.91 31.60 NOTE
r-devel-linux-x86_64-debian-gcc 1.0.2 1.86 22.36 24.22 NOTE
r-devel-linux-x86_64-fedora-clang 1.0.2 41.46 NOTE
r-devel-linux-x86_64-fedora-gcc 1.0.2 37.80 NOTE
r-devel-windows-x86_64 1.0.2 2.00 43.00 45.00 NOTE
r-patched-linux-x86_64 1.0.2 NOTE
r-release-linux-x86_64 1.0.2 2.50 28.25 30.75 NOTE
r-release-macos-arm64 1.0.2 17.00 NOTE
r-release-macos-x86_64 1.0.2 24.00 NOTE
r-release-windows-x86_64 1.0.2 3.00 43.00 46.00 NOTE
r-oldrel-macos-arm64 1.0.2 19.00 NOTE
r-oldrel-macos-x86_64 1.0.2 21.00 NOTE
r-oldrel-windows-x86_64 1.0.2 4.00 50.00 54.00 NOTE

Check Details

Version: 1.0.2
Check: LazyData
Result: NOTE
     'LazyData' is specified without a 'data' directory
Flavors: r-devel-linux-x86_64-debian-clang, r-devel-linux-x86_64-debian-gcc, r-devel-linux-x86_64-fedora-clang, r-devel-linux-x86_64-fedora-gcc, r-devel-windows-x86_64, r-patched-linux-x86_64, r-release-linux-x86_64, r-release-macos-arm64, r-release-macos-x86_64, r-release-windows-x86_64, r-oldrel-macos-arm64, r-oldrel-macos-x86_64, r-oldrel-windows-x86_64