Last updated on 2024-03-28 19:48:28 CET.
Flavor | Version | Tinstall | Tcheck | Ttotal | Status | Flags |
---|---|---|---|---|---|---|
r-devel-linux-x86_64-debian-clang | 1.0.2 | 2.19 | 31.06 | 33.25 | NOTE | |
r-devel-linux-x86_64-debian-gcc | 1.0.2 | 1.84 | 23.74 | 25.58 | NOTE | |
r-devel-linux-x86_64-fedora-clang | 1.0.2 | 41.76 | NOTE | |||
r-devel-linux-x86_64-fedora-gcc | 1.0.2 | 41.38 | NOTE | |||
r-devel-windows-x86_64 | 1.0.2 | 4.00 | 44.00 | 48.00 | NOTE | |
r-patched-linux-x86_64 | 1.0.2 | 2.52 | 31.62 | 34.14 | NOTE | |
r-release-linux-x86_64 | 1.0.2 | 2.11 | 28.61 | 30.72 | NOTE | |
r-release-macos-arm64 | 1.0.2 | 17.00 | NOTE | |||
r-release-macos-x86_64 | 1.0.2 | 24.00 | NOTE | |||
r-release-windows-x86_64 | 1.0.2 | 3.00 | 44.00 | 47.00 | NOTE | |
r-oldrel-macos-arm64 | 1.0.2 | 19.00 | NOTE | |||
r-oldrel-windows-x86_64 | 1.0.2 | 4.00 | 48.00 | 52.00 | NOTE |
Version: 1.0.2
Check: LazyData
Result: NOTE
'LazyData' is specified without a 'data' directory
Flavors: r-devel-linux-x86_64-debian-clang, r-devel-linux-x86_64-debian-gcc, r-devel-linux-x86_64-fedora-clang, r-devel-linux-x86_64-fedora-gcc, r-devel-windows-x86_64, r-patched-linux-x86_64, r-release-linux-x86_64, r-release-macos-arm64, r-release-macos-x86_64, r-release-windows-x86_64, r-oldrel-macos-arm64, r-oldrel-windows-x86_64