Last updated on 2024-03-29 07:54:40 CET.
Flavor | Version | Tinstall | Tcheck | Ttotal | Status | Flags |
---|---|---|---|---|---|---|
r-devel-linux-x86_64-debian-clang | 0.4.1 | 6.68 | 592.76 | 599.44 | OK | |
r-devel-linux-x86_64-debian-gcc | 0.4.1 | 6.83 | 419.29 | 426.12 | OK | |
r-devel-linux-x86_64-fedora-clang | 0.4.1 | 773.97 | OK | |||
r-devel-linux-x86_64-fedora-gcc | 0.4.1 | 774.24 | OK | |||
r-devel-windows-x86_64 | 0.4.1 | 10.00 | 410.00 | 420.00 | OK | |
r-patched-linux-x86_64 | 0.4.1 | 14.06 | 580.51 | 594.57 | OK | |
r-release-linux-x86_64 | 0.4.1 | 8.99 | 569.12 | 578.11 | OK | |
r-release-macos-arm64 | 0.4.1 | 80.00 | NOTE | |||
r-release-macos-x86_64 | 0.4.1 | 186.00 | NOTE | |||
r-release-windows-x86_64 | 0.4.1 | 13.00 | 544.00 | 557.00 | OK | |
r-oldrel-macos-arm64 | 0.4.1 | 189.00 | OK | |||
r-oldrel-windows-x86_64 | 0.4.1 | 13.00 | 540.00 | 553.00 | OK |
Version: 0.4.1
Check: package dependencies
Result: NOTE
Package suggested but not available for checking: ‘phyloseq’
Flavors: r-release-macos-arm64, r-release-macos-x86_64