CRAN Package Check Results for Package contribution

Last updated on 2024-03-03 18:49:50 CET.

Flavor Version Tinstall Tcheck Ttotal Status Flags
r-devel-linux-x86_64-debian-clang 0.2.2 5.78 50.27 56.05 OK
r-devel-linux-x86_64-debian-gcc 0.2.2 4.75 38.78 43.53 OK
r-devel-linux-x86_64-fedora-clang 0.2.2 92.74 NOTE
r-devel-linux-x86_64-fedora-gcc 0.2.2 100.07 NOTE
r-devel-windows-x86_64 0.2.2 8.00 162.00 170.00 OK
r-patched-linux-x86_64 0.2.2 3.75 49.04 52.79 OK
r-release-linux-x86_64 0.2.2 5.70 49.41 55.11 OK
r-release-macos-arm64 0.2.2 32.00 OK
r-release-macos-x86_64 0.2.2 48.00 OK
r-release-windows-x86_64 0.2.2 9.00 117.00 126.00 OK
r-oldrel-macos-arm64 0.2.2 30.00 NOTE
r-oldrel-windows-x86_64 0.2.2 8.00 116.00 124.00 OK

Check Details

Version: 0.2.2
Check: data for non-ASCII characters
Result: NOTE Note: found 3 marked UTF-8 strings Flavors: r-devel-linux-x86_64-fedora-clang, r-devel-linux-x86_64-fedora-gcc, r-oldrel-macos-arm64