Last updated on 2024-04-18 20:55:30 CEST.
Flavor | Version | Tinstall | Tcheck | Ttotal | Status | Flags |
---|---|---|---|---|---|---|
r-devel-linux-x86_64-debian-clang | 0.1.7 | 241.35 | 90.00 | 331.35 | NOTE | |
r-devel-linux-x86_64-debian-gcc | 0.1.7 | 201.91 | 65.33 | 267.24 | NOTE | |
r-devel-linux-x86_64-fedora-clang | 0.1.7 | 542.60 | NOTE | |||
r-devel-linux-x86_64-fedora-gcc | 0.1.7 | 533.17 | NOTE | |||
r-prerel-macos-arm64 | 0.1.7 | 89.00 | NOTE | |||
r-prerel-windows-x86_64 | 0.1.7 | 190.00 | 99.00 | 289.00 | NOTE | |
r-patched-linux-x86_64 | 0.1.7 | 253.35 | 83.99 | 337.34 | NOTE | |
r-release-linux-x86_64 | 0.1.7 | 242.91 | 84.04 | 326.95 | NOTE | |
r-release-macos-arm64 | 0.1.7 | 130.00 | NOTE | |||
r-release-macos-x86_64 | 0.1.7 | 198.00 | NOTE | |||
r-release-windows-x86_64 | 0.1.7 | 235.00 | 120.00 | 355.00 | NOTE | |
r-oldrel-macos-arm64 | 0.1.7 | 101.00 | NOTE | |||
r-oldrel-windows-x86_64 | 0.1.7 | 226.00 | 116.00 | 342.00 | OK |
Version: 0.1.7
Check: C++ specification
Result: NOTE
Specified C++11: please drop specification unless essential
Flavors: r-devel-linux-x86_64-debian-clang, r-devel-linux-x86_64-debian-gcc, r-devel-linux-x86_64-fedora-clang, r-devel-linux-x86_64-fedora-gcc, r-prerel-macos-arm64, r-prerel-windows-x86_64, r-patched-linux-x86_64, r-release-linux-x86_64, r-release-macos-arm64, r-release-macos-x86_64, r-release-windows-x86_64
Version: 0.1.7
Check: dependencies in R code
Result: NOTE
Namespaces in Imports field not imported from:
‘base’ ‘lwgeom’ ‘s2’
All declared Imports should be used.
Flavors: r-devel-linux-x86_64-fedora-clang, r-devel-linux-x86_64-fedora-gcc, r-oldrel-macos-arm64
Version: 0.1.7
Check: installed package size
Result: NOTE
installed size is 10.6Mb
sub-directories of 1Mb or more:
libs 10.2Mb
Flavors: r-prerel-macos-arm64, r-release-macos-arm64, r-release-macos-x86_64, r-oldrel-macos-arm64