Last updated on 2023-10-02 20:11:56 CEST.
Flavor | Version | Tinstall | Tcheck | Ttotal | Status | Flags |
---|---|---|---|---|---|---|
r-devel-linux-x86_64-debian-clang | 0.1.2 | 12.67 | 140.29 | 152.96 | OK | |
r-devel-linux-x86_64-debian-gcc | 0.1.2 | 8.30 | 102.90 | 111.20 | OK | |
r-devel-linux-x86_64-fedora-clang | 0.1.2 | 195.14 | OK | |||
r-devel-linux-x86_64-fedora-gcc | 0.1.2 | 190.26 | OK | |||
r-devel-windows-x86_64 | 0.1.2 | 11.00 | 122.00 | 133.00 | OK | |
r-patched-linux-x86_64 | 0.1.2 | 11.49 | 133.56 | 145.05 | OK | |
r-release-linux-x86_64 | 0.1.2 | 9.89 | 133.06 | 142.95 | OK | |
r-release-macos-arm64 | 0.1.2 | 66.00 | OK | |||
r-release-macos-x86_64 | 0.1.2 | 93.00 | NOTE | |||
r-release-windows-x86_64 | 0.1.2 | 18.00 | 139.00 | 157.00 | OK | |
r-oldrel-macos-arm64 | 0.1.2 | 55.00 | OK | |||
r-oldrel-macos-x86_64 | 0.1.2 | 73.00 | OK | |||
r-oldrel-windows-x86_64 | 0.1.2 | 15.00 | 140.00 | 155.00 | OK |
Version: 0.1.2
Check: package dependencies
Result: NOTE
Packages suggested but not available for checking:
'scagnostics', 'parsnip', 'C50', 'bartMachine', 'caret'
Flavor: r-release-macos-x86_64