Last updated on 2024-03-28 07:52:46 CET.
Flavor | Version | Tinstall | Tcheck | Ttotal | Status | Flags |
---|---|---|---|---|---|---|
r-devel-linux-x86_64-debian-clang | 1.0.0 | 26.11 | 38.66 | 64.77 | NOTE | |
r-devel-linux-x86_64-debian-gcc | 1.0.0 | 20.70 | 31.18 | 51.88 | NOTE | |
r-devel-linux-x86_64-fedora-clang | 1.0.0 | 86.63 | NOTE | |||
r-devel-linux-x86_64-fedora-gcc | 1.0.0 | 86.22 | NOTE | |||
r-devel-windows-x86_64 | 1.0.0 | 22.00 | 70.00 | 92.00 | NOTE | |
r-patched-linux-x86_64 | 1.0.0 | 26.25 | 39.86 | 66.11 | NOTE | |
r-release-linux-x86_64 | 1.0.0 | 25.59 | 38.69 | 64.28 | NOTE | |
r-release-macos-arm64 | 1.0.0 | 30.00 | NOTE | |||
r-release-macos-x86_64 | 1.0.0 | 41.00 | NOTE | |||
r-release-windows-x86_64 | 1.0.0 | 28.00 | 73.00 | 101.00 | NOTE | |
r-oldrel-macos-arm64 | 1.0.0 | 27.00 | OK | |||
r-oldrel-windows-x86_64 | 1.0.0 | 27.00 | 75.00 | 102.00 | OK |
Version: 1.0.0
Check: C++ specification
Result: NOTE
Specified C++11: please drop specification unless essential
Flavors: r-devel-linux-x86_64-debian-clang, r-devel-linux-x86_64-debian-gcc, r-devel-linux-x86_64-fedora-clang, r-devel-linux-x86_64-fedora-gcc, r-devel-windows-x86_64, r-patched-linux-x86_64, r-release-linux-x86_64, r-release-macos-arm64, r-release-macos-x86_64, r-release-windows-x86_64