Last updated on 2024-04-23 19:50:41 CEST.
Flavor | Version | Tinstall | Tcheck | Ttotal | Status | Flags |
---|---|---|---|---|---|---|
r-devel-linux-x86_64-debian-clang | 1.0.6 | 590.57 | 238.47 | 829.04 | NOTE | |
r-devel-linux-x86_64-debian-gcc | 1.0.6 | 556.79 | 208.34 | 765.13 | NOTE | |
r-devel-linux-x86_64-fedora-clang | 1.0.6 | 1041.38 | NOTE | |||
r-devel-linux-x86_64-fedora-gcc | 1.0.6 | 1401.86 | NOTE | |||
r-prerel-macos-arm64 | 1.0.6 | 242.00 | NOTE | |||
r-prerel-windows-x86_64 | 1.0.6 | 458.00 | 223.00 | 681.00 | NOTE | |
r-patched-linux-x86_64 | 1.0.6 | 561.12 | 268.85 | 829.97 | NOTE | |
r-release-linux-x86_64 | 1.0.6 | 0.02 | 2.56 | 2.58 | ERROR | |
r-release-macos-arm64 | 1.0.6 | 231.00 | NOTE | |||
r-release-macos-x86_64 | 1.0.6 | 290.00 | NOTE | |||
r-release-windows-x86_64 | 1.0.6 | 608.00 | 276.00 | 884.00 | NOTE | |
r-oldrel-macos-arm64 | 1.0.6 | 208.00 | NOTE | |||
r-oldrel-windows-x86_64 | 1.0.6 | 583.00 | 256.00 | 839.00 | NOTE |
Version: 1.0.6
Check: for GNU extensions in Makefiles
Result: NOTE
GNU make is a SystemRequirements.
Flavors: r-devel-linux-x86_64-debian-clang, r-devel-linux-x86_64-debian-gcc, r-devel-linux-x86_64-fedora-clang, r-devel-linux-x86_64-fedora-gcc, r-prerel-macos-arm64, r-prerel-windows-x86_64, r-patched-linux-x86_64, r-release-macos-arm64, r-release-macos-x86_64, r-release-windows-x86_64, r-oldrel-macos-arm64, r-oldrel-windows-x86_64
Version: 1.0.6
Check: installed package size
Result: NOTE
installed size is 6.2Mb
sub-directories of 1Mb or more:
libs 4.9Mb
Flavors: r-devel-linux-x86_64-fedora-clang, r-prerel-macos-arm64, r-prerel-windows-x86_64, r-release-macos-arm64, r-release-macos-x86_64, r-release-windows-x86_64, r-oldrel-macos-arm64, r-oldrel-windows-x86_64
Version: 1.0.6
Check: whether package can be installed
Result: ERROR
Installation failed.
Flavor: r-release-linux-x86_64