CRAN Package Check Results for Package comprehenr

Last updated on 2023-12-06 07:50:10 CET.

Flavor Version Tinstall Tcheck Ttotal Status Flags
r-devel-linux-x86_64-debian-clang 0.6.10 2.09 24.72 26.81 NOTE
r-devel-linux-x86_64-debian-gcc 0.6.10 1.74 20.14 21.88 NOTE
r-devel-linux-x86_64-fedora-clang 0.6.10 35.11 NOTE
r-devel-linux-x86_64-fedora-gcc 0.6.10 44.72 NOTE
r-devel-windows-x86_64 0.6.10 3.00 43.00 46.00 NOTE
r-patched-linux-x86_64 0.6.10 1.92 24.63 26.55 NOTE
r-release-linux-x86_64 0.6.10 2.24 24.85 27.09 NOTE
r-release-macos-arm64 0.6.10 23.00 NOTE
r-release-macos-x86_64 0.6.10 29.00 NOTE
r-release-windows-x86_64 0.6.10 3.00 44.00 47.00 NOTE
r-oldrel-macos-arm64 0.6.10 17.00 NOTE
r-oldrel-macos-x86_64 0.6.10 22.00 NOTE
r-oldrel-windows-x86_64 0.6.10 4.00 45.00 49.00 NOTE

Check Details

Version: 0.6.10
Check: LazyData
Result: NOTE 'LazyData' is specified without a 'data' directory Flavors: r-devel-linux-x86_64-debian-clang, r-devel-linux-x86_64-debian-gcc, r-devel-linux-x86_64-fedora-clang, r-devel-linux-x86_64-fedora-gcc, r-devel-windows-x86_64, r-patched-linux-x86_64, r-release-linux-x86_64, r-release-macos-arm64, r-release-macos-x86_64, r-release-windows-x86_64, r-oldrel-macos-arm64, r-oldrel-macos-x86_64, r-oldrel-windows-x86_64