Last updated on 2023-10-01 08:51:55 CEST.
Flavor | Version | Tinstall | Tcheck | Ttotal | Status | Flags |
---|---|---|---|---|---|---|
r-devel-linux-x86_64-debian-clang | 0.1.1 | 94.39 | 31.17 | 125.56 | OK | |
r-devel-linux-x86_64-debian-gcc | 0.1.1 | 73.87 | 27.87 | 101.74 | OK | |
r-devel-linux-x86_64-fedora-clang | 0.1.1 | 171.61 | OK | |||
r-devel-linux-x86_64-fedora-gcc | 0.1.1 | 203.73 | OK | |||
r-devel-windows-x86_64 | 0.1.1 | 71.00 | 72.00 | 143.00 | OK | |
r-patched-linux-x86_64 | 0.1.1 | 102.18 | 35.40 | 137.58 | OK | |
r-release-linux-x86_64 | 0.1.1 | 99.22 | 34.67 | 133.89 | OK | |
r-release-macos-arm64 | 0.1.1 | 55.00 | NOTE | |||
r-release-macos-x86_64 | 0.1.1 | 83.00 | NOTE | |||
r-release-windows-x86_64 | 0.1.1 | 90.00 | 74.00 | 164.00 | OK | |
r-oldrel-macos-arm64 | 0.1.1 | 52.00 | NOTE | |||
r-oldrel-macos-x86_64 | 0.1.1 | 62.00 | NOTE | |||
r-oldrel-windows-x86_64 | 0.1.1 | 82.00 | 72.00 | 154.00 | OK |
Version: 0.1.1
Check: installed package size
Result: NOTE
installed size is 30.5Mb
sub-directories of 1Mb or more:
R 2.0Mb
libs 28.4Mb
Flavors: r-release-macos-arm64, r-release-macos-x86_64, r-oldrel-macos-arm64, r-oldrel-macos-x86_64