CRAN Package Check Results for Package colormap

Last updated on 2023-09-24 08:58:14 CEST.

Flavor Version Tinstall Tcheck Ttotal Status Flags
r-devel-linux-x86_64-debian-clang 0.1.4 2.46 34.44 36.90 NOTE
r-devel-linux-x86_64-debian-gcc 0.1.4 2.04 27.23 29.27 NOTE
r-devel-linux-x86_64-fedora-clang 0.1.4 46.54 NOTE
r-devel-linux-x86_64-fedora-gcc 0.1.4 46.01 NOTE
r-devel-windows-x86_64 0.1.4 4.00 49.00 53.00 NOTE
r-patched-linux-x86_64 0.1.4 3.21 33.84 37.05 NOTE
r-release-linux-x86_64 0.1.4 2.23 34.36 36.59 NOTE
r-release-macos-arm64 0.1.4 20.00 NOTE
r-release-macos-x86_64 0.1.4 28.00 NOTE
r-release-windows-x86_64 0.1.4 5.00 48.00 53.00 NOTE
r-oldrel-macos-arm64 0.1.4 18.00 NOTE
r-oldrel-macos-x86_64 0.1.4 34.00 NOTE
r-oldrel-windows-x86_64 0.1.4 5.00 53.00 58.00 NOTE

Check Details

Version: 0.1.4
Check: LazyData
Result: NOTE
     'LazyData' is specified without a 'data' directory
Flavors: r-devel-linux-x86_64-debian-clang, r-devel-linux-x86_64-debian-gcc, r-devel-linux-x86_64-fedora-clang, r-devel-linux-x86_64-fedora-gcc, r-devel-windows-x86_64, r-patched-linux-x86_64, r-release-linux-x86_64, r-release-macos-arm64, r-release-macos-x86_64, r-release-windows-x86_64, r-oldrel-macos-arm64, r-oldrel-macos-x86_64, r-oldrel-windows-x86_64