Last updated on 2023-10-02 20:11:56 CEST.
Flavor | Version | Tinstall | Tcheck | Ttotal | Status | Flags |
---|---|---|---|---|---|---|
r-devel-linux-x86_64-debian-clang | 1.1.2 | 4.52 | 137.79 | 142.31 | NOTE | |
r-devel-linux-x86_64-debian-gcc | 1.1.2 | 3.98 | 105.07 | 109.05 | NOTE | |
r-devel-linux-x86_64-fedora-clang | 1.1.2 | 177.10 | NOTE | |||
r-devel-linux-x86_64-fedora-gcc | 1.1.2 | 185.56 | NOTE | |||
r-devel-windows-x86_64 | 1.1.2 | 6.00 | 158.00 | 164.00 | NOTE | |
r-patched-linux-x86_64 | 1.1.2 | 4.37 | 134.79 | 139.16 | NOTE | |
r-release-linux-x86_64 | 1.1.2 | 5.12 | 136.67 | 141.79 | NOTE | |
r-release-macos-arm64 | 1.1.2 | 74.00 | NOTE | |||
r-release-macos-x86_64 | 1.1.2 | 107.00 | NOTE | |||
r-release-windows-x86_64 | 1.1.2 | 9.00 | 174.00 | 183.00 | NOTE | |
r-oldrel-macos-arm64 | 1.1.2 | 59.00 | NOTE | |||
r-oldrel-macos-x86_64 | 1.1.2 | 92.00 | NOTE | |||
r-oldrel-windows-x86_64 | 1.1.2 | 8.00 | 164.00 | 172.00 | NOTE |
Version: 1.1.2
Check: LazyData
Result: NOTE
'LazyData' is specified without a 'data' directory
Flavors: r-devel-linux-x86_64-debian-clang, r-devel-linux-x86_64-debian-gcc, r-devel-linux-x86_64-fedora-clang, r-devel-linux-x86_64-fedora-gcc, r-devel-windows-x86_64, r-patched-linux-x86_64, r-release-linux-x86_64, r-release-macos-arm64, r-release-macos-x86_64, r-release-windows-x86_64, r-oldrel-macos-arm64, r-oldrel-macos-x86_64, r-oldrel-windows-x86_64
Version: 1.1.2
Check: dependencies in R code
Result: NOTE
Namespaces in Imports field not imported from:
‘magrittr’ ‘qpdf’
All declared Imports should be used.
Flavors: r-devel-linux-x86_64-fedora-clang, r-devel-linux-x86_64-fedora-gcc, r-oldrel-macos-arm64, r-oldrel-macos-x86_64