Last updated on 2024-04-18 08:54:24 CEST.
Flavor | Version | Tinstall | Tcheck | Ttotal | Status | Flags |
---|---|---|---|---|---|---|
r-devel-linux-x86_64-debian-clang | 2.2-0 | 10.52 | 67.41 | 77.93 | OK | |
r-devel-linux-x86_64-debian-gcc | 2.2-0 | 6.86 | 50.27 | 57.13 | OK | |
r-devel-linux-x86_64-fedora-clang | 2.2-0 | 93.60 | NOTE | |||
r-devel-linux-x86_64-fedora-gcc | 2.2-0 | 109.74 | NOTE | |||
r-prerel-macos-arm64 | 2.2-0 | 33.00 | OK | |||
r-prerel-windows-x86_64 | 2.2-0 | 10.00 | 65.00 | 75.00 | OK | |
r-patched-linux-x86_64 | 2.2-0 | 8.26 | 63.34 | 71.60 | OK | |
r-release-linux-x86_64 | 2.2-0 | 7.68 | 65.43 | 73.11 | OK | |
r-release-macos-arm64 | 2.2-0 | 36.00 | OK | |||
r-release-macos-x86_64 | 2.2-0 | 54.00 | OK | |||
r-release-windows-x86_64 | 2.2-0 | 12.00 | 72.00 | 84.00 | OK | |
r-oldrel-macos-arm64 | 2.2-0 | 33.00 | OK | |||
r-oldrel-windows-x86_64 | 2.2-0 | 13.00 | 78.00 | 91.00 | OK |
Version: 2.2-0
Check: compiled code
Result: NOTE
File ‘coenoflex/libs/coenoflex.so’:
Found no calls to: ‘R_registerRoutines’, ‘R_useDynamicSymbols’
It is good practice to register native routines and to disable symbol
search.
See ‘Writing portable packages’ in the ‘Writing R Extensions’ manual.
Flavors: r-devel-linux-x86_64-fedora-clang, r-devel-linux-x86_64-fedora-gcc