Last updated on 2024-03-28 19:48:27 CET.
Flavor | Version | Tinstall | Tcheck | Ttotal | Status | Flags |
---|---|---|---|---|---|---|
r-devel-linux-x86_64-debian-clang | 0.9.2 | 9.05 | 170.41 | 179.46 | NOTE | |
r-devel-linux-x86_64-debian-gcc | 0.9.2 | 5.87 | 123.36 | 129.23 | NOTE | |
r-devel-linux-x86_64-fedora-clang | 0.9.2 | 225.05 | NOTE | |||
r-devel-linux-x86_64-fedora-gcc | 0.9.2 | 319.60 | NOTE | |||
r-devel-windows-x86_64 | 0.9.2 | 8.00 | 147.00 | 155.00 | NOTE | |
r-patched-linux-x86_64 | 0.9.2 | 6.85 | 159.99 | 166.84 | NOTE | |
r-release-linux-x86_64 | 0.9.2 | 5.05 | 158.52 | 163.57 | NOTE | |
r-release-macos-arm64 | 0.9.2 | 97.00 | NOTE | |||
r-release-macos-x86_64 | 0.9.2 | 236.00 | NOTE | |||
r-release-windows-x86_64 | 0.9.2 | 10.00 | 180.00 | 190.00 | NOTE | |
r-oldrel-macos-arm64 | 0.9.2 | 91.00 | NOTE | |||
r-oldrel-windows-x86_64 | 0.9.2 | 10.00 | 181.00 | 191.00 | NOTE |
Version: 0.9.2
Check: package dependencies
Result: NOTE
Package suggested but not available for checking: ‘userfriendlyscience’
Flavors: r-devel-linux-x86_64-debian-clang, r-devel-linux-x86_64-debian-gcc, r-devel-linux-x86_64-fedora-clang, r-devel-linux-x86_64-fedora-gcc, r-devel-windows-x86_64, r-patched-linux-x86_64, r-release-linux-x86_64, r-release-macos-arm64, r-release-macos-x86_64, r-release-windows-x86_64, r-oldrel-macos-arm64, r-oldrel-windows-x86_64
Version: 0.9.2
Check: dependencies in R code
Result: NOTE
Namespaces in Imports field not imported from:
‘graphics’ ‘jsonlite’ ‘rlang’ ‘tidyselect’ ‘vctrs’
All declared Imports should be used.
Flavors: r-devel-linux-x86_64-fedora-clang, r-devel-linux-x86_64-fedora-gcc, r-oldrel-macos-arm64
Version: 0.9.2
Check: data for non-ASCII characters
Result: NOTE
Note: found 65 marked UTF-8 strings
Flavors: r-devel-linux-x86_64-fedora-clang, r-devel-linux-x86_64-fedora-gcc, r-oldrel-macos-arm64