Last updated on 2024-03-28 07:52:46 CET.
Flavor | Version | Tinstall | Tcheck | Ttotal | Status | Flags |
---|---|---|---|---|---|---|
r-devel-linux-x86_64-debian-clang | 0.5.5 | 64.76 | 102.98 | 167.74 | OK | |
r-devel-linux-x86_64-debian-gcc | 0.5.5 | 56.46 | 77.89 | 134.35 | OK | |
r-devel-linux-x86_64-fedora-clang | 0.5.5 | 232.85 | NOTE | |||
r-devel-linux-x86_64-fedora-gcc | 0.5.5 | 250.02 | NOTE | |||
r-devel-windows-x86_64 | 0.5.5 | 54.00 | 112.00 | 166.00 | OK | |
r-patched-linux-x86_64 | 0.5.5 | 66.69 | 100.34 | 167.03 | OK | |
r-release-linux-x86_64 | 0.5.5 | 67.77 | 103.82 | 171.59 | OK | |
r-release-macos-arm64 | 0.5.5 | 78.00 | OK | |||
r-release-macos-x86_64 | 0.5.5 | 153.00 | OK | |||
r-release-windows-x86_64 | 0.5.5 | 69.00 | 136.00 | 205.00 | OK | |
r-oldrel-macos-arm64 | 0.5.5 | 63.00 | OK | |||
r-oldrel-windows-x86_64 | 0.5.5 | 64.00 | 128.00 | 192.00 | OK |
Version: 0.5.5
Check: data for non-ASCII characters
Result: NOTE
Note: found 27 marked UTF-8 strings
Flavors: r-devel-linux-x86_64-fedora-clang, r-devel-linux-x86_64-fedora-gcc