Last updated on 2023-12-04 18:52:11 CET.
Flavor | Version | Tinstall | Tcheck | Ttotal | Status | Flags |
---|---|---|---|---|---|---|
r-devel-linux-x86_64-debian-clang | 0.6.24 | 9.84 | 87.31 | 97.15 | NOTE | |
r-devel-linux-x86_64-debian-gcc | 0.6.24 | 7.78 | 64.94 | 72.72 | NOTE | |
r-devel-linux-x86_64-fedora-clang | 0.6.24 | 122.36 | NOTE | |||
r-devel-linux-x86_64-fedora-gcc | 0.6.24 | 120.88 | NOTE | |||
r-devel-windows-x86_64 | 0.6.24 | 9.00 | 86.00 | 95.00 | NOTE | |
r-patched-linux-x86_64 | 0.6.24 | 6.61 | 82.88 | 89.49 | OK | |
r-release-linux-x86_64 | 0.6.24 | 10.58 | 81.26 | 91.84 | OK | |
r-release-macos-arm64 | 0.6.24 | 36.00 | OK | |||
r-release-macos-x86_64 | 0.6.24 | 64.00 | OK | |||
r-release-windows-x86_64 | 0.6.24 | 13.00 | 98.00 | 111.00 | OK | |
r-oldrel-macos-arm64 | 0.6.24 | 34.00 | OK | |||
r-oldrel-macos-x86_64 | 0.6.24 | 56.00 | OK | |||
r-oldrel-windows-x86_64 | 0.6.24 | 11.00 | 100.00 | 111.00 | OK |
Version: 0.6.24
Check: Rd \usage sections
Result: NOTE
Documented arguments not in \usage in Rd file 'get_superior.Rd':
‘stirng’
Functions with \usage entries need to have the appropriate \alias
entries, and all their arguments documented.
The \usage entries must correspond to syntactically valid R code.
See chapter ‘Writing R documentation files’ in the ‘Writing R
Extensions’ manual.
Flavors: r-devel-linux-x86_64-debian-clang, r-devel-linux-x86_64-debian-gcc, r-devel-linux-x86_64-fedora-clang, r-devel-linux-x86_64-fedora-gcc, r-devel-windows-x86_64