Last updated on 2024-04-19 19:50:10 CEST.
Flavor | Version | Tinstall | Tcheck | Ttotal | Status | Flags |
---|---|---|---|---|---|---|
r-devel-linux-x86_64-debian-clang | 0.1-2 | 2.10 | 34.67 | 36.77 | NOTE | |
r-devel-linux-x86_64-debian-gcc | 0.1-2 | NOTE | ||||
r-devel-linux-x86_64-fedora-clang | 0.1-2 | 53.25 | NOTE | |||
r-devel-linux-x86_64-fedora-gcc | 0.1-2 | 63.07 | NOTE | |||
r-prerel-macos-arm64 | 0.1-2 | 24.00 | NOTE | |||
r-prerel-windows-x86_64 | 0.1-2 | 4.00 | 48.00 | 52.00 | NOTE | |
r-patched-linux-x86_64 | 0.1-2 | 2.94 | 33.10 | 36.04 | NOTE | |
r-release-linux-x86_64 | 0.1-2 | 2.88 | 32.74 | 35.62 | NOTE | |
r-release-macos-arm64 | 0.1-2 | 28.00 | NOTE | |||
r-release-macos-x86_64 | 0.1-2 | 37.00 | NOTE | |||
r-release-windows-x86_64 | 0.1-2 | 4.00 | 48.00 | 52.00 | NOTE | |
r-oldrel-macos-arm64 | 0.1-2 | 20.00 | OK | |||
r-oldrel-windows-x86_64 | 0.1-2 | 4.00 | 53.00 | 57.00 | NOTE |
Version: 0.1-2
Check: package dependencies
Result: NOTE
Package suggested but not available for checking: ‘tobit1’
Flavors: r-devel-linux-x86_64-debian-clang, r-devel-linux-x86_64-debian-gcc, r-devel-linux-x86_64-fedora-clang, r-devel-linux-x86_64-fedora-gcc, r-prerel-macos-arm64, r-prerel-windows-x86_64, r-patched-linux-x86_64, r-release-linux-x86_64, r-release-macos-arm64, r-release-macos-x86_64, r-release-windows-x86_64, r-oldrel-windows-x86_64