Last updated on 2024-04-18 08:54:24 CEST.
Flavor | Version | Tinstall | Tcheck | Ttotal | Status | Flags |
---|---|---|---|---|---|---|
r-devel-linux-x86_64-debian-clang | 0.1.3 | 9.04 | 114.73 | 123.77 | OK | |
r-devel-linux-x86_64-debian-gcc | 0.1.3 | 8.58 | 82.76 | 91.34 | OK | |
r-devel-linux-x86_64-fedora-clang | 0.1.3 | 159.30 | NOTE | |||
r-devel-linux-x86_64-fedora-gcc | 0.1.3 | 186.07 | NOTE | |||
r-prerel-macos-arm64 | 0.1.3 | 48.00 | OK | |||
r-prerel-windows-x86_64 | 0.1.3 | 10.00 | 98.00 | 108.00 | OK | |
r-patched-linux-x86_64 | 0.1.3 | 11.01 | 105.15 | 116.16 | OK | |
r-release-linux-x86_64 | 0.1.3 | 11.35 | 108.03 | 119.38 | OK | |
r-release-macos-arm64 | 0.1.3 | 47.00 | OK | |||
r-release-macos-x86_64 | 0.1.3 | 123.00 | OK | |||
r-release-windows-x86_64 | 0.1.3 | 15.00 | 118.00 | 133.00 | OK | |
r-oldrel-macos-arm64 | 0.1.3 | 43.00 | OK | |||
r-oldrel-windows-x86_64 | 0.1.3 | 16.00 | 116.00 | 132.00 | OK |
Version: 0.1.3
Check: dependencies in R code
Result: NOTE
Namespace in Imports field not imported from: ‘MPV’
All declared Imports should be used.
Flavors: r-devel-linux-x86_64-fedora-clang, r-devel-linux-x86_64-fedora-gcc