Last updated on 2024-03-28 07:52:46 CET.
Flavor | Version | Tinstall | Tcheck | Ttotal | Status | Flags |
---|---|---|---|---|---|---|
r-devel-linux-x86_64-debian-clang | 2.3.4 | 9.70 | 97.57 | 107.27 | NOTE | |
r-devel-linux-x86_64-debian-gcc | 2.3.4 | 8.29 | 73.32 | 81.61 | NOTE | |
r-devel-linux-x86_64-fedora-clang | 2.3.4 | 136.79 | NOTE | |||
r-devel-linux-x86_64-fedora-gcc | 2.3.4 | 144.05 | NOTE | |||
r-devel-windows-x86_64 | 2.3.4 | 10.00 | 97.00 | 107.00 | NOTE | --no-vignettes |
r-patched-linux-x86_64 | 2.3.4 | 14.65 | 96.96 | 111.61 | NOTE | |
r-release-linux-x86_64 | 2.3.4 | 11.43 | 96.15 | 107.58 | NOTE | |
r-release-macos-arm64 | 2.3.4 | 49.00 | NOTE | |||
r-release-macos-x86_64 | 2.3.4 | 81.00 | NOTE | |||
r-release-windows-x86_64 | 2.3.4 | 12.00 | 98.00 | 110.00 | NOTE | --no-vignettes |
r-oldrel-macos-arm64 | 2.3.4 | 43.00 | NOTE | |||
r-oldrel-windows-x86_64 | 2.3.4 | 12.00 | 124.00 | 136.00 | NOTE | --no-vignettes |
Version: 2.3.4
Check: LazyData
Result: NOTE
'LazyData' is specified without a 'data' directory
Flavors: r-devel-linux-x86_64-debian-clang, r-devel-linux-x86_64-debian-gcc, r-devel-linux-x86_64-fedora-clang, r-devel-linux-x86_64-fedora-gcc, r-patched-linux-x86_64, r-release-linux-x86_64, r-release-macos-arm64, r-release-macos-x86_64, r-oldrel-macos-arm64
Version: 2.3.4
Flags: --no-vignettes
Check: LazyData
Result: NOTE
'LazyData' is specified without a 'data' directory
Flavors: r-devel-windows-x86_64, r-release-windows-x86_64, r-oldrel-windows-x86_64