Last updated on 2024-03-29 07:54:39 CET.
Flavor | Version | Tinstall | Tcheck | Ttotal | Status | Flags |
---|---|---|---|---|---|---|
r-devel-linux-x86_64-debian-clang | 0.9.4 | 100.43 | 89.08 | 189.51 | OK | |
r-devel-linux-x86_64-debian-gcc | 0.9.4 | 72.53 | 70.88 | 143.41 | OK | |
r-devel-linux-x86_64-fedora-clang | 0.9.4 | 258.93 | NOTE | |||
r-devel-linux-x86_64-fedora-gcc | 0.9.4 | 271.71 | NOTE | |||
r-devel-windows-x86_64 | 0.9.4 | 69.00 | 101.00 | 170.00 | OK | |
r-patched-linux-x86_64 | 0.9.4 | 90.76 | 86.88 | 177.64 | OK | |
r-release-linux-x86_64 | 0.9.4 | 94.50 | 86.20 | 180.70 | OK | |
r-release-macos-arm64 | 0.9.4 | 109.00 | NOTE | |||
r-release-macos-x86_64 | 0.9.4 | 151.00 | NOTE | |||
r-release-windows-x86_64 | 0.9.4 | 86.00 | 127.00 | 213.00 | OK | |
r-oldrel-macos-arm64 | 0.9.4 | 98.00 | NOTE | |||
r-oldrel-windows-x86_64 | 0.9.4 | 82.00 | 119.00 | 201.00 | OK |
Version: 0.9.4
Check: dependencies in R code
Result: NOTE
Namespace in Imports field not imported from: ‘R6’
All declared Imports should be used.
Flavors: r-devel-linux-x86_64-fedora-clang, r-devel-linux-x86_64-fedora-gcc
Version: 0.9.4
Check: installed package size
Result: NOTE
installed size is 17.6Mb
sub-directories of 1Mb or more:
libs 16.9Mb
Flavors: r-release-macos-arm64, r-release-macos-x86_64, r-oldrel-macos-arm64