Last updated on 2023-03-23 19:50:11 CET.
Flavor | Version | Tinstall | Tcheck | Ttotal | Status | Flags |
---|---|---|---|---|---|---|
r-devel-linux-x86_64-debian-clang | 0.1-0 | 26.65 | 206.94 | 233.59 | OK | |
r-devel-linux-x86_64-debian-gcc | 0.1-0 | 22.57 | 148.53 | 171.10 | OK | |
r-devel-linux-x86_64-fedora-clang | 0.1-0 | 317.85 | NOTE | |||
r-devel-linux-x86_64-fedora-gcc | 0.1-0 | 292.37 | NOTE | |||
r-devel-windows-x86_64 | 0.1-0 | 35.00 | 207.00 | 242.00 | OK | |
r-patched-linux-x86_64 | 0.1-0 | 28.11 | 217.66 | 245.77 | OK | |
r-release-linux-x86_64 | 0.1-0 | 25.05 | 212.55 | 237.60 | OK | |
r-release-macos-arm64 | 0.1-0 | 5.00 | ERROR | |||
r-release-macos-x86_64 | 0.1-0 | 8.00 | ERROR | |||
r-release-windows-x86_64 | 0.1-0 | 47.00 | 210.00 | 257.00 | OK | |
r-oldrel-macos-arm64 | 0.1-0 | 10.00 | ERROR | |||
r-oldrel-macos-x86_64 | 0.1-0 | 12.00 | ERROR | |||
r-oldrel-windows-ix86+x86_64 | 0.1-0 | 52.00 | 199.00 | 251.00 | OK |
Version: 0.1-0
Check: dependencies in R code
Result: NOTE
Namespace in Imports field not imported from: ‘DT’
All declared Imports should be used.
Flavors: r-devel-linux-x86_64-fedora-clang, r-devel-linux-x86_64-fedora-gcc
Version: 0.1-0
Check: package dependencies
Result: ERROR
Package required but not available: ‘IsoGene’
See section ‘The DESCRIPTION file’ in the ‘Writing R Extensions’
manual.
Flavors: r-release-macos-arm64, r-release-macos-x86_64, r-oldrel-macos-arm64, r-oldrel-macos-x86_64