Last updated on 2023-12-02 07:50:16 CET.
Flavor | Version | Tinstall | Tcheck | Ttotal | Status | Flags |
---|---|---|---|---|---|---|
r-devel-linux-x86_64-debian-clang | 0.4.0 | 7.83 | 59.56 | 67.39 | NOTE | |
r-devel-linux-x86_64-debian-gcc | 0.4.0 | 5.73 | 43.73 | 49.46 | NOTE | |
r-devel-linux-x86_64-fedora-clang | 0.4.0 | 81.18 | OK | |||
r-devel-linux-x86_64-fedora-gcc | 0.4.0 | 77.25 | OK | |||
r-devel-windows-x86_64 | 0.4.0 | 8.00 | 63.00 | 71.00 | OK | |
r-patched-linux-x86_64 | 0.4.0 | 5.53 | 55.74 | 61.27 | OK | |
r-release-linux-x86_64 | 0.4.0 | 5.07 | 54.22 | 59.29 | OK | |
r-release-macos-arm64 | 0.4.0 | 27.00 | OK | |||
r-release-macos-x86_64 | 0.4.0 | 42.00 | OK | |||
r-release-windows-x86_64 | 0.4.0 | 11.00 | 72.00 | 83.00 | OK | |
r-oldrel-macos-arm64 | 0.4.0 | 22.00 | OK | |||
r-oldrel-macos-x86_64 | 0.4.0 | 39.00 | OK | |||
r-oldrel-windows-x86_64 | 0.4.0 | 12.00 | 74.00 | 86.00 | OK |
Version: 0.4.0
Check: Rd files
Result: NOTE
checkRd: (-1) cb_participant_count.Rd:13: Lost braces
13 | \item{query}{A phenotype query defined using the code{\link{phenotype}} function and logic operators (see example below)}
| ^
checkRd: (-1) phenotype.Rd:10: Lost braces
10 | \item{id}{A single phenotype id. Possible phenotyoes can be explored using the code{\link{cb_search_phenotypes}} function}
| ^
Flavors: r-devel-linux-x86_64-debian-clang, r-devel-linux-x86_64-debian-gcc