Last updated on 2024-04-17 19:58:33 CEST.
Flavor | Version | Tinstall | Tcheck | Ttotal | Status | Flags |
---|---|---|---|---|---|---|
r-devel-linux-x86_64-debian-clang | 1.0-8 | 35.36 | 239.68 | 275.04 | NOTE | |
r-devel-linux-x86_64-debian-gcc | 1.0-8 | 20.92 | 170.33 | 191.25 | NOTE | |
r-devel-linux-x86_64-fedora-clang | 1.0-8 | 352.59 | NOTE | |||
r-devel-linux-x86_64-fedora-gcc | 1.0-8 | 373.60 | NOTE | |||
r-prerel-macos-arm64 | 1.0-8 | 86.00 | NOTE | |||
r-prerel-windows-x86_64 | 1.0-8 | 26.00 | 215.00 | 241.00 | NOTE | |
r-patched-linux-x86_64 | 1.0-8 | 30.90 | 224.93 | 255.83 | NOTE | |
r-release-linux-x86_64 | 1.0-8 | 33.91 | 247.16 | 281.07 | NOTE | |
r-release-macos-arm64 | 1.0-8 | 102.00 | NOTE | |||
r-release-macos-x86_64 | 1.0-8 | 183.00 | NOTE | |||
r-release-windows-x86_64 | 1.0-8 | 35.00 | 291.00 | 326.00 | NOTE | |
r-oldrel-macos-arm64 | 1.0-8 | 104.00 | OK | |||
r-oldrel-windows-x86_64 | 1.0-8 | 33.00 | 324.00 | 357.00 | OK |
Version: 1.0-8
Check: C++ specification
Result: NOTE
Specified C++11: please drop specification unless essential
Flavors: r-devel-linux-x86_64-debian-clang, r-devel-linux-x86_64-debian-gcc, r-devel-linux-x86_64-fedora-clang, r-devel-linux-x86_64-fedora-gcc, r-prerel-macos-arm64, r-prerel-windows-x86_64, r-patched-linux-x86_64, r-release-linux-x86_64, r-release-macos-arm64, r-release-macos-x86_64, r-release-windows-x86_64