Last updated on 2023-12-03 07:51:51 CET.
Flavor | Version | Tinstall | Tcheck | Ttotal | Status | Flags |
---|---|---|---|---|---|---|
r-devel-linux-x86_64-debian-clang | 0.1.1 | 2.37 | 24.43 | 26.80 | OK | |
r-devel-linux-x86_64-debian-gcc | 0.1.1 | 1.55 | 19.09 | 20.64 | OK | |
r-devel-linux-x86_64-fedora-clang | 0.1.1 | 34.39 | NOTE | |||
r-devel-linux-x86_64-fedora-gcc | 0.1.1 | 32.94 | OK | |||
r-devel-windows-x86_64 | 0.1.1 | 4.00 | 41.00 | 45.00 | OK | |
r-patched-linux-x86_64 | 0.1.1 | 2.79 | 24.26 | 27.05 | OK | |
r-release-linux-x86_64 | 0.1.1 | 2.00 | 24.01 | 26.01 | OK | |
r-release-macos-arm64 | 0.1.1 | 17.00 | OK | |||
r-release-macos-x86_64 | 0.1.1 | 29.00 | OK | |||
r-release-windows-x86_64 | 0.1.1 | 6.00 | 42.00 | 48.00 | OK | |
r-oldrel-macos-arm64 | 0.1.1 | 23.00 | OK | |||
r-oldrel-macos-x86_64 | 0.1.1 | 24.00 | OK | |||
r-oldrel-windows-x86_64 | 0.1.1 | 4.00 | 45.00 | 49.00 | OK |
Version: 0.1.1
Check: Rd cross-references
Result: NOTE
Undeclared packages ‘bslib’, ‘shiny’ in Rd xrefs
Flavor: r-devel-linux-x86_64-fedora-clang