Last updated on 2024-04-24 07:57:35 CEST.
Flavor | Version | Tinstall | Tcheck | Ttotal | Status | Flags |
---|---|---|---|---|---|---|
r-devel-linux-x86_64-debian-clang | 1.2.3 | 13.38 | 140.50 | 153.88 | NOTE | |
r-devel-linux-x86_64-debian-gcc | 1.2.3 | 11.17 | 104.03 | 115.20 | NOTE | |
r-devel-linux-x86_64-fedora-clang | 1.2.3 | 195.01 | NOTE | |||
r-devel-linux-x86_64-fedora-gcc | 1.2.3 | 966.77 | NOTE | |||
r-prerel-macos-arm64 | 1.2.3 | 307.00 | NOTE | |||
r-prerel-windows-x86_64 | 1.2.3 | 13.00 | 118.00 | 131.00 | NOTE | |
r-patched-linux-x86_64 | 1.2.3 | 13.09 | 133.99 | 147.08 | NOTE | |
r-release-linux-x86_64 | 1.2.3 | 10.75 | 130.56 | 141.31 | OK | |
r-release-macos-arm64 | 1.2.3 | 313.00 | OK | |||
r-release-macos-x86_64 | 1.2.3 | 741.00 | OK | |||
r-release-windows-x86_64 | 1.2.3 | 17.00 | 143.00 | 160.00 | OK | |
r-oldrel-macos-arm64 | 1.2.3 | 356.00 | OK | |||
r-oldrel-windows-x86_64 | 1.2.3 | 18.00 | 147.00 | 165.00 | OK |
Version: 1.2.3
Check: Rd files
Result: NOTE
checkRd: (-1) classmap.Rd:44: Lost braces
44 | Raymaekers J., Rousseeuw P.J., Hubert M. (2021). Class maps for visualizing classification results. \emph{Technometrics}, appeared online. \doi{10.1080/00401706.2021.1927849}{(link to open access pdf)}
| ^
checkRd: (-1) confmat.vcr.Rd:30: Lost braces
30 | Raymaekers J., Rousseeuw P.J., Hubert M. (2021). Class maps for visualizing classification results. \emph{Technometrics}, appeared online. \doi{10.1080/00401706.2021.1927849}{(link to open access pdf)}
| ^
checkRd: (-1) makeFV.Rd:34: Lost braces
34 | Raymaekers J., Rousseeuw P.J., Hubert M. (2021). Class maps for visualizing classification results. \emph{Technometrics}, appeared online. \doi{10.1080/00401706.2021.1927849}{(link to open access pdf)}
| ^
checkRd: (-1) makeKernel.Rd:25: Lost braces
25 | Raymaekers J., Rousseeuw P.J., Hubert M. (2021). Class maps for visualizing classification results. \emph{Technometrics}, appeared online. \doi{10.1080/00401706.2021.1927849}{(link to open access pdf)}
| ^
checkRd: (-1) stackedplot.Rd:37: Lost braces
37 | Raymaekers J., Rousseeuw P.J., Hubert M. (2021). Class maps for visualizing classification results. \emph{Technometrics}, appeared online. \doi{10.1080/00401706.2021.1927849}{(link to open access pdf)}
| ^
checkRd: (-1) vcr.da.newdata.Rd:41: Lost braces
41 | Raymaekers J., Rousseeuw P.J., Hubert M. (2021). Class maps for visualizing classification results. \emph{Technometrics}, appeared online. \doi{10.1080/00401706.2021.1927849}{(link to open access pdf)}
| ^
checkRd: (-1) vcr.da.train.Rd:46: Lost braces
46 | Raymaekers J., Rousseeuw P.J., Hubert M. (2021). Class maps for visualizing classification results. \emph{Technometrics}, appeared online. \doi{10.1080/00401706.2021.1927849}{(link to open access pdf)}
| ^
checkRd: (-1) vcr.knn.newdata.Rd:42: Lost braces
42 | Raymaekers J., Rousseeuw P.J., Hubert M. (2021). Class maps for visualizing classification results. \emph{Technometrics}, appeared online. \doi{10.1080/00401706.2021.1927849}{(link to open access pdf)}
| ^
checkRd: (-1) vcr.knn.train.Rd:43: Lost braces
43 | Raymaekers J., Rousseeuw P.J., Hubert M. (2021). Class maps for visualizing classification results. \emph{Technometrics}, appeared online. \doi{10.1080/00401706.2021.1927849}{(link to open access pdf)}
| ^
checkRd: (-1) vcr.svm.newdata.Rd:38: Lost braces
38 | Raymaekers J., Rousseeuw P.J., Hubert M. (2021). Class maps for visualizing classification results. \emph{Technometrics}, appeared online. \doi{10.1080/00401706.2021.1927849}{(link to open access pdf)}
| ^
checkRd: (-1) vcr.svm.train.Rd:41: Lost braces
41 | Raymaekers J., Rousseeuw P.J., Hubert M. (2021). Class maps for visualizing classification results. \emph{Technometrics}, appeared online. \doi{10.1080/00401706.2021.1927849}{(link to open access pdf)}
| ^
Flavors: r-devel-linux-x86_64-debian-clang, r-devel-linux-x86_64-debian-gcc, r-devel-linux-x86_64-fedora-clang, r-devel-linux-x86_64-fedora-gcc, r-prerel-macos-arm64, r-prerel-windows-x86_64, r-patched-linux-x86_64
Version: 1.2.3
Check: data for non-ASCII characters
Result: NOTE
Note: found 9 marked UTF-8 strings
Flavors: r-devel-linux-x86_64-fedora-clang, r-devel-linux-x86_64-fedora-gcc