Last updated on 2023-10-02 20:11:55 CEST.
Flavor | Version | Tinstall | Tcheck | Ttotal | Status | Flags |
---|---|---|---|---|---|---|
r-devel-linux-x86_64-debian-clang | 2.1.1 | 17.17 | 168.37 | 185.54 | OK | |
r-devel-linux-x86_64-debian-gcc | 2.1.1 | 15.55 | 122.80 | 138.35 | OK | |
r-devel-linux-x86_64-fedora-clang | 2.1.1 | 228.67 | NOTE | |||
r-devel-linux-x86_64-fedora-gcc | 2.1.1 | 219.79 | NOTE | |||
r-devel-windows-x86_64 | 2.1.1 | 16.00 | 136.00 | 152.00 | OK | |
r-patched-linux-x86_64 | 2.1.1 | 16.78 | 156.06 | 172.84 | OK | |
r-release-linux-x86_64 | 2.1.1 | 16.32 | 156.87 | 173.19 | OK | |
r-release-macos-arm64 | 2.1.1 | 70.00 | OK | |||
r-release-macos-x86_64 | 2.1.1 | 151.00 | OK | |||
r-release-windows-x86_64 | 2.1.1 | 21.00 | 163.00 | 184.00 | OK | |
r-oldrel-macos-arm64 | 2.1.1 | 73.00 | OK | |||
r-oldrel-macos-x86_64 | 2.1.1 | 106.00 | OK | |||
r-oldrel-windows-x86_64 | 2.1.1 | 22.00 | 166.00 | 188.00 | OK |
Version: 2.1.1
Check: data for non-ASCII characters
Result: NOTE
Note: found 29 marked UTF-8 strings
Flavors: r-devel-linux-x86_64-fedora-clang, r-devel-linux-x86_64-fedora-gcc