Last updated on 2024-04-23 07:50:57 CEST.
Flavor | Version | Tinstall | Tcheck | Ttotal | Status | Flags |
---|---|---|---|---|---|---|
r-devel-linux-x86_64-debian-clang | 0.4.5 | 6.21 | 68.97 | 75.18 | NOTE | |
r-devel-linux-x86_64-debian-gcc | 0.4.5 | 4.90 | 51.86 | 56.76 | NOTE | |
r-devel-linux-x86_64-fedora-clang | 0.4.5 | 97.28 | NOTE | |||
r-devel-linux-x86_64-fedora-gcc | 0.4.5 | 115.45 | NOTE | |||
r-prerel-macos-arm64 | 0.4.5 | 37.00 | NOTE | |||
r-prerel-windows-x86_64 | 0.4.5 | 6.00 | 69.00 | 75.00 | NOTE | |
r-patched-linux-x86_64 | 0.4.5 | 7.72 | 66.09 | 73.81 | NOTE | |
r-release-linux-x86_64 | 0.4.5 | 5.84 | 64.01 | 69.85 | NOTE | |
r-release-macos-arm64 | 0.4.5 | 34.00 | NOTE | |||
r-release-macos-x86_64 | 0.4.5 | 51.00 | NOTE | |||
r-release-windows-x86_64 | 0.4.5 | 8.00 | 76.00 | 84.00 | NOTE | |
r-oldrel-macos-arm64 | 0.4.5 | 27.00 | NOTE | |||
r-oldrel-windows-x86_64 | 0.4.5 | 8.00 | 81.00 | 89.00 | NOTE |
Version: 0.4.5
Check: LazyData
Result: NOTE
'LazyData' is specified without a 'data' directory
Flavors: r-devel-linux-x86_64-debian-clang, r-devel-linux-x86_64-debian-gcc, r-devel-linux-x86_64-fedora-clang, r-devel-linux-x86_64-fedora-gcc, r-prerel-macos-arm64, r-prerel-windows-x86_64, r-patched-linux-x86_64, r-release-linux-x86_64, r-release-macos-arm64, r-release-macos-x86_64, r-release-windows-x86_64, r-oldrel-macos-arm64, r-oldrel-windows-x86_64