Last updated on 2024-03-28 07:52:46 CET.
Flavor | Version | Tinstall | Tcheck | Ttotal | Status | Flags |
---|---|---|---|---|---|---|
r-devel-linux-x86_64-debian-clang | 0.6.1 | 15.49 | 308.38 | 323.87 | NOTE | |
r-devel-linux-x86_64-debian-gcc | 0.6.1 | 12.15 | 230.62 | 242.77 | NOTE | |
r-devel-linux-x86_64-fedora-clang | 0.6.1 | 390.82 | NOTE | |||
r-devel-linux-x86_64-fedora-gcc | 0.6.1 | 407.69 | NOTE | |||
r-devel-windows-x86_64 | 0.6.1 | 12.00 | 224.00 | 236.00 | NOTE | |
r-patched-linux-x86_64 | 0.6.1 | 14.08 | 302.11 | 316.19 | NOTE | |
r-release-linux-x86_64 | 0.6.1 | 9.64 | 300.70 | 310.34 | NOTE | |
r-release-macos-arm64 | 0.6.1 | 129.00 | NOTE | |||
r-release-macos-x86_64 | 0.6.1 | 213.00 | NOTE | |||
r-release-windows-x86_64 | 0.6.1 | 16.00 | 292.00 | 308.00 | NOTE | |
r-oldrel-macos-arm64 | 0.6.1 | 130.00 | NOTE | |||
r-oldrel-windows-x86_64 | 0.6.1 | 18.00 | 282.00 | 300.00 | NOTE |
Version: 0.6.1
Check: LazyData
Result: NOTE
'LazyData' is specified without a 'data' directory
Flavors: r-devel-linux-x86_64-debian-clang, r-devel-linux-x86_64-debian-gcc, r-devel-linux-x86_64-fedora-clang, r-devel-linux-x86_64-fedora-gcc, r-devel-windows-x86_64, r-patched-linux-x86_64, r-release-linux-x86_64, r-release-macos-arm64, r-release-macos-x86_64, r-release-windows-x86_64, r-oldrel-macos-arm64, r-oldrel-windows-x86_64