Last updated on 2024-04-19 07:56:37 CEST.
Flavor | Version | Tinstall | Tcheck | Ttotal | Status | Flags |
---|---|---|---|---|---|---|
r-devel-linux-x86_64-debian-clang | 0.1.1 | 38.75 | 218.94 | 257.69 | NOTE | |
r-devel-linux-x86_64-debian-gcc | 0.1.1 | NOTE | ||||
r-devel-linux-x86_64-fedora-clang | 0.1.1 | 334.56 | NOTE | |||
r-devel-linux-x86_64-fedora-gcc | 0.1.1 | 348.50 | NOTE | |||
r-prerel-macos-arm64 | 0.1.1 | 93.00 | NOTE | |||
r-prerel-windows-x86_64 | 0.1.1 | 24.00 | 157.00 | 181.00 | NOTE | |
r-patched-linux-x86_64 | 0.1.1 | 28.37 | 213.26 | 241.63 | NOTE | |
r-release-linux-x86_64 | 0.1.1 | 24.18 | 213.40 | 237.58 | NOTE | |
r-release-macos-arm64 | 0.1.1 | 90.00 | NOTE | |||
r-release-macos-x86_64 | 0.1.1 | 141.00 | NOTE | |||
r-release-windows-x86_64 | 0.1.1 | 29.00 | 194.00 | 223.00 | NOTE | |
r-oldrel-macos-arm64 | 0.1.1 | 72.00 | NOTE | |||
r-oldrel-windows-x86_64 | 0.1.1 | 29.00 | 205.00 | 234.00 | NOTE |
Version: 0.1.1
Check: package dependencies
Result: NOTE
Package suggested but not available for checking: ‘cmdstanr’
Flavors: r-devel-linux-x86_64-debian-clang, r-devel-linux-x86_64-debian-gcc, r-devel-linux-x86_64-fedora-clang, r-devel-linux-x86_64-fedora-gcc, r-prerel-macos-arm64, r-prerel-windows-x86_64, r-patched-linux-x86_64, r-release-linux-x86_64, r-release-macos-arm64, r-release-macos-x86_64, r-release-windows-x86_64, r-oldrel-macos-arm64, r-oldrel-windows-x86_64
Version: 0.1.1
Check: Rd cross-references
Result: NOTE
Package unavailable to check Rd xrefs: ‘cmdstanr’
Flavors: r-devel-linux-x86_64-debian-clang, r-devel-linux-x86_64-debian-gcc, r-devel-linux-x86_64-fedora-clang, r-devel-linux-x86_64-fedora-gcc, r-prerel-macos-arm64, r-prerel-windows-x86_64, r-patched-linux-x86_64, r-release-linux-x86_64, r-release-macos-arm64, r-release-macos-x86_64, r-release-windows-x86_64, r-oldrel-macos-arm64, r-oldrel-windows-x86_64
Version: 0.1.1
Check: dependencies in R code
Result: NOTE
Namespace in Imports field not imported from: ‘Rdpack’
All declared Imports should be used.
Flavors: r-devel-linux-x86_64-fedora-clang, r-devel-linux-x86_64-fedora-gcc, r-oldrel-macos-arm64