Last updated on 2023-06-01 08:55:58 CEST.
Flavor | Version | Tinstall | Tcheck | Ttotal | Status | Flags |
---|---|---|---|---|---|---|
r-devel-linux-x86_64-debian-clang | 1.0-2 | 16.07 | 154.68 | 170.75 | OK | |
r-devel-linux-x86_64-debian-gcc | 1.0-2 | 15.70 | 120.61 | 136.31 | OK | |
r-devel-linux-x86_64-fedora-clang | 1.0-2 | 220.84 | OK | |||
r-devel-linux-x86_64-fedora-gcc | 1.0-2 | 225.12 | OK | |||
r-devel-windows-x86_64 | 1.0-2 | 18.00 | 158.00 | 176.00 | OK | |
r-patched-linux-x86_64 | 1.0-2 | OK | ||||
r-release-linux-x86_64 | 1.0-2 | 15.91 | 153.67 | 169.58 | OK | |
r-release-macos-arm64 | 1.0-2 | 73.00 | OK | |||
r-release-macos-x86_64 | 1.0-2 | 124.00 | NOTE | |||
r-release-windows-x86_64 | 1.0-2 | 23.00 | 185.00 | 208.00 | OK | |
r-oldrel-macos-arm64 | 1.0-2 | 67.00 | OK | |||
r-oldrel-macos-x86_64 | 1.0-2 | 113.00 | OK | |||
r-oldrel-windows-x86_64 | 1.0-2 | 23.00 | 188.00 | 211.00 | OK |
Version: 1.0-2
Check: package dependencies
Result: NOTE
Packages suggested but not available for checking: 'drc', 'qpcR'
Flavor: r-release-macos-x86_64
Version: 1.0-2
Check: Rd cross-references
Result: NOTE
Package unavailable to check Rd xrefs: ‘qpcR’
Flavor: r-release-macos-x86_64