Last updated on 2023-09-20 19:54:39 CEST.
Flavor | Version | Tinstall | Tcheck | Ttotal | Status | Flags |
---|---|---|---|---|---|---|
r-devel-linux-x86_64-debian-clang | 0.1.8 | 13.78 | 614.35 | 628.13 | NOTE | |
r-devel-linux-x86_64-debian-gcc | 0.1.8 | 10.49 | 513.48 | 523.97 | NOTE | |
r-devel-linux-x86_64-fedora-clang | 0.1.8 | 765.05 | NOTE | |||
r-devel-linux-x86_64-fedora-gcc | 0.1.8 | 749.70 | NOTE | |||
r-devel-windows-x86_64 | 0.1.8 | 13.00 | 515.00 | 528.00 | NOTE | |
r-patched-linux-x86_64 | 0.1.8 | 8.83 | 591.20 | 600.03 | NOTE | |
r-release-linux-x86_64 | 0.1.8 | 8.33 | 590.69 | 599.02 | NOTE | |
r-release-macos-arm64 | 0.1.8 | 275.00 | NOTE | |||
r-release-macos-x86_64 | 0.1.8 | 440.00 | NOTE | |||
r-release-windows-x86_64 | 0.1.8 | 17.00 | 668.00 | 685.00 | NOTE | |
r-oldrel-macos-arm64 | 0.1.8 | 264.00 | NOTE | |||
r-oldrel-macos-x86_64 | 0.1.8 | 386.00 | NOTE | |||
r-oldrel-windows-x86_64 | 0.1.8 | 17.00 | 656.00 | 673.00 | NOTE |
Version: 0.1.8
Check: package dependencies
Result: NOTE
Package suggested but not available for checking: ‘countreg’
Flavors: r-devel-linux-x86_64-debian-clang, r-devel-linux-x86_64-debian-gcc, r-devel-linux-x86_64-fedora-clang, r-devel-linux-x86_64-fedora-gcc, r-devel-windows-x86_64, r-patched-linux-x86_64, r-release-linux-x86_64, r-release-macos-x86_64, r-release-windows-x86_64, r-oldrel-macos-x86_64, r-oldrel-windows-x86_64
Version: 0.1.8
Check: dependencies in R code
Result: NOTE
Namespaces in Imports field not imported from:
'knitr' 'rmarkdown'
All declared Imports should be used.
Flavors: r-devel-linux-x86_64-fedora-clang, r-devel-linux-x86_64-fedora-gcc, r-oldrel-macos-arm64, r-oldrel-macos-x86_64
Version: 0.1.8
Check: package dependencies
Result: NOTE
Packages suggested but not available for checking:
'GenomicInteractions', 'Gviz', 'countreg'
Flavor: r-release-macos-arm64
Version: 0.1.8
Check: package dependencies
Result: NOTE
Packages suggested but not available for checking:
'GenomicInteractions', 'GenomicRanges', 'Gviz', 'countreg'
Flavor: r-oldrel-macos-arm64