Last updated on 2023-12-06 07:50:09 CET.
Flavor | Version | Tinstall | Tcheck | Ttotal | Status | Flags |
---|---|---|---|---|---|---|
r-devel-linux-x86_64-debian-clang | 0.2.3 | 4.21 | 37.63 | 41.84 | NOTE | |
r-devel-linux-x86_64-debian-gcc | 0.2.3 | 3.59 | 29.76 | 33.35 | NOTE | |
r-devel-linux-x86_64-fedora-clang | 0.2.3 | 52.52 | OK | |||
r-devel-linux-x86_64-fedora-gcc | 0.2.3 | 50.93 | OK | |||
r-devel-windows-x86_64 | 0.2.3 | 6.00 | 52.00 | 58.00 | OK | |
r-patched-linux-x86_64 | 0.2.3 | 2.89 | 37.22 | 40.11 | OK | |
r-release-linux-x86_64 | 0.2.3 | 4.85 | 37.42 | 42.27 | OK | |
r-release-macos-arm64 | 0.2.3 | 21.00 | OK | |||
r-release-macos-x86_64 | 0.2.3 | 43.00 | OK | |||
r-release-windows-x86_64 | 0.2.3 | 6.00 | 54.00 | 60.00 | OK | |
r-oldrel-macos-arm64 | 0.2.3 | 22.00 | OK | |||
r-oldrel-macos-x86_64 | 0.2.3 | 30.00 | OK | |||
r-oldrel-windows-x86_64 | 0.2.3 | 7.00 | 60.00 | 67.00 | OK |
Version: 0.2.3
Check: Rd files
Result: NOTE
checkRd: (-1) create_unit_tests.Rd:17: Lost braces; missing escapes or markup?
17 | Create `{testthat}` test cases for the code.
| ^
Flavors: r-devel-linux-x86_64-debian-clang, r-devel-linux-x86_64-debian-gcc