Last updated on 2023-06-04 08:57:05 CEST.
Flavor | Version | Tinstall | Tcheck | Ttotal | Status | Flags |
---|---|---|---|---|---|---|
r-devel-linux-x86_64-debian-clang | 1.1.0 | 189.25 | 456.83 | 646.08 | OK | |
r-devel-linux-x86_64-debian-gcc | 1.1.0 | 131.62 | 333.30 | 464.92 | OK | |
r-devel-linux-x86_64-fedora-clang | 1.1.0 | 812.11 | OK | |||
r-devel-linux-x86_64-fedora-gcc | 1.1.0 | 815.01 | OK | |||
r-devel-windows-x86_64 | 1.1.0 | 127.00 | 358.00 | 485.00 | OK | |
r-patched-linux-x86_64 | 1.1.0 | 148.03 | 429.83 | 577.86 | OK | |
r-release-linux-x86_64 | 1.1.0 | 150.59 | 437.88 | 588.47 | OK | |
r-release-macos-arm64 | 1.1.0 | 212.00 | NOTE | |||
r-release-macos-x86_64 | 1.1.0 | 351.00 | NOTE | |||
r-release-windows-x86_64 | 1.1.0 | 163.00 | 452.00 | 615.00 | OK | |
r-oldrel-macos-arm64 | 1.1.0 | 183.00 | NOTE | |||
r-oldrel-macos-x86_64 | 1.1.0 | 239.00 | NOTE | |||
r-oldrel-windows-x86_64 | 1.1.0 | 156.00 | 443.00 | 599.00 | OK |
Version: 1.1.0
Check: installed package size
Result: NOTE
installed size is 6.3Mb
sub-directories of 1Mb or more:
libs 5.8Mb
Flavors: r-release-macos-arm64, r-release-macos-x86_64, r-oldrel-macos-arm64, r-oldrel-macos-x86_64