Last updated on 2024-04-19 19:50:09 CEST.
Flavor | Version | Tinstall | Tcheck | Ttotal | Status | Flags |
---|---|---|---|---|---|---|
r-devel-linux-x86_64-debian-clang | 1.0-3 | 41.79 | 248.74 | 290.53 | NOTE | |
r-devel-linux-x86_64-debian-gcc | 1.0-3 | NOTE | ||||
r-devel-linux-x86_64-fedora-clang | 1.0-3 | 376.80 | NOTE | |||
r-devel-linux-x86_64-fedora-gcc | 1.0-3 | 358.59 | NOTE | |||
r-prerel-macos-arm64 | 1.0-3 | 86.00 | NOTE | |||
r-prerel-windows-x86_64 | 1.0-3 | 34.00 | 213.00 | 247.00 | NOTE | |
r-patched-linux-x86_64 | 1.0-3 | 45.09 | 229.34 | 274.43 | NOTE | |
r-release-linux-x86_64 | 1.0-3 | 26.06 | 236.66 | 262.72 | OK | |
r-release-macos-arm64 | 1.0-3 | 95.00 | OK | |||
r-release-macos-x86_64 | 1.0-3 | 156.00 | OK | |||
r-release-windows-x86_64 | 1.0-3 | 46.00 | 276.00 | 322.00 | OK | |
r-oldrel-macos-arm64 | 1.0-3 | 96.00 | NOTE | |||
r-oldrel-windows-x86_64 | 1.0-3 | 47.00 | 272.00 | 319.00 | OK |
Version: 1.0-3
Check: Rd files
Result: NOTE
checkRd: (-1) comparisonsTable.cgOneFactorFit.Rd:47: Lost braces
47 | call (see {\dots } section below.)
| ^
Flavors: r-devel-linux-x86_64-debian-clang, r-devel-linux-x86_64-debian-gcc, r-devel-linux-x86_64-fedora-clang, r-devel-linux-x86_64-fedora-gcc, r-prerel-macos-arm64, r-prerel-windows-x86_64, r-patched-linux-x86_64
Version: 1.0-3
Check: dependencies in R code
Result: NOTE
Namespace in Imports field not imported from: ‘grDevices’
All declared Imports should be used.
Flavors: r-devel-linux-x86_64-fedora-clang, r-devel-linux-x86_64-fedora-gcc, r-oldrel-macos-arm64