Last updated on 2023-06-04 19:53:04 CEST.
Flavor | Version | Tinstall | Tcheck | Ttotal | Status | Flags |
---|---|---|---|---|---|---|
r-devel-linux-x86_64-debian-clang | 1.0-3 | 43.38 | 252.52 | 295.90 | OK | |
r-devel-linux-x86_64-debian-gcc | 1.0-3 | 35.27 | 185.87 | 221.14 | OK | |
r-devel-linux-x86_64-fedora-clang | 1.0-3 | 362.91 | NOTE | |||
r-devel-linux-x86_64-fedora-gcc | 1.0-3 | 350.67 | NOTE | |||
r-devel-windows-x86_64 | 1.0-3 | 34.00 | 225.00 | 259.00 | OK | |
r-patched-linux-x86_64 | 1.0-3 | 47.39 | 231.28 | 278.67 | OK | |
r-release-linux-x86_64 | 1.0-3 | 36.49 | 237.44 | 273.93 | OK | |
r-release-macos-arm64 | 1.0-3 | 95.00 | OK | |||
r-release-macos-x86_64 | 1.0-3 | 156.00 | OK | |||
r-release-windows-x86_64 | 1.0-3 | 45.00 | 279.00 | 324.00 | OK | |
r-oldrel-macos-arm64 | 1.0-3 | 96.00 | NOTE | |||
r-oldrel-macos-x86_64 | 1.0-3 | 153.00 | NOTE | |||
r-oldrel-windows-x86_64 | 1.0-3 | 47.00 | 275.00 | 322.00 | OK |
Version: 1.0-3
Check: dependencies in R code
Result: NOTE
Namespace in Imports field not imported from: ‘grDevices’
All declared Imports should be used.
Flavors: r-devel-linux-x86_64-fedora-clang, r-devel-linux-x86_64-fedora-gcc, r-oldrel-macos-arm64, r-oldrel-macos-x86_64