CRAN Package Check Results for Package centiserve

Last updated on 2023-06-02 20:56:21 CEST.

Flavor Version Tinstall Tcheck Ttotal Status Flags
r-devel-linux-x86_64-debian-clang 1.0.0 10.80 84.41 95.21 OK
r-devel-linux-x86_64-debian-gcc 1.0.0 8.61 65.63 74.24 OK
r-devel-linux-x86_64-fedora-clang 1.0.0 119.56 OK
r-devel-linux-x86_64-fedora-gcc 1.0.0 115.34 OK
r-devel-windows-x86_64 1.0.0 9.00 86.00 95.00 OK
r-patched-linux-x86_64 1.0.0 OK
r-release-linux-x86_64 1.0.0 10.40 81.26 91.66 OK
r-release-macos-arm64 1.0.0 37.00 OK
r-release-macos-x86_64 1.0.0 59.00 NOTE
r-release-windows-x86_64 1.0.0 11.00 100.00 111.00 OK
r-oldrel-macos-arm64 1.0.0 36.00 OK
r-oldrel-macos-x86_64 1.0.0 47.00 OK
r-oldrel-windows-x86_64 1.0.0 12.00 99.00 111.00 OK

Check Details

Version: 1.0.0
Check: package dependencies
Result: NOTE
    Package suggested but not available for checking: ‘linkcomm’
Flavor: r-release-macos-x86_64