Last updated on 2023-11-29 07:52:05 CET.
Flavor | Version | Tinstall | Tcheck | Ttotal | Status | Flags |
---|---|---|---|---|---|---|
r-devel-linux-x86_64-debian-clang | 0.2.0 | 15.58 | 471.34 | 486.92 | NOTE | |
r-devel-linux-x86_64-debian-gcc | 0.2.0 | 11.74 | 350.71 | 362.45 | NOTE | |
r-devel-linux-x86_64-fedora-clang | 0.2.0 | 593.89 | NOTE | |||
r-devel-linux-x86_64-fedora-gcc | 0.2.0 | 573.26 | NOTE | |||
r-devel-windows-x86_64 | 0.2.0 | 14.00 | 317.00 | 331.00 | NOTE | |
r-patched-linux-x86_64 | 0.2.0 | 12.31 | 457.98 | 470.29 | OK | |
r-release-linux-x86_64 | 0.2.0 | 13.74 | 419.43 | 433.17 | OK | |
r-release-macos-arm64 | 0.2.0 | 148.00 | OK | |||
r-release-macos-x86_64 | 0.2.0 | 331.00 | OK | |||
r-release-windows-x86_64 | 0.2.0 | 18.00 | 427.00 | 445.00 | OK | |
r-oldrel-macos-arm64 | 0.2.0 | 143.00 | OK | |||
r-oldrel-macos-x86_64 | 0.2.0 | 197.00 | OK | |||
r-oldrel-windows-x86_64 | 0.2.0 | 20.00 | 428.00 | 448.00 | OK |
Version: 0.2.0
Check: Rd \usage sections
Result: NOTE
Documented arguments not in \usage in Rd file 'blackboost_train.Rd':
‘x’ ‘y’
Documented arguments not in \usage in Rd file 'survival_prob_mboost.Rd':
‘x’
Functions with \usage entries need to have the appropriate \alias
entries, and all their arguments documented.
The \usage entries must correspond to syntactically valid R code.
See chapter ‘Writing R documentation files’ in the ‘Writing R
Extensions’ manual.
Flavors: r-devel-linux-x86_64-debian-clang, r-devel-linux-x86_64-debian-gcc, r-devel-linux-x86_64-fedora-clang, r-devel-linux-x86_64-fedora-gcc, r-devel-windows-x86_64