CRAN Package Check Results for Package cencrne

Last updated on 2023-10-01 08:51:54 CEST.

Flavor Version Tinstall Tcheck Ttotal Status Flags
r-devel-linux-x86_64-debian-clang 1.0.0 9.26 79.21 88.47 OK
r-devel-linux-x86_64-debian-gcc 1.0.0 7.68 59.94 67.62 OK
r-devel-linux-x86_64-fedora-clang 1.0.0 110.17 NOTE
r-devel-linux-x86_64-fedora-gcc 1.0.0 117.98 NOTE
r-devel-windows-x86_64 1.0.0 10.00 78.00 88.00 OK
r-patched-linux-x86_64 1.0.0 9.90 77.68 87.58 OK
r-release-linux-x86_64 1.0.0 8.35 78.46 86.81 OK
r-release-macos-arm64 1.0.0 42.00 OK
r-release-macos-x86_64 1.0.0 69.00 OK
r-release-windows-x86_64 1.0.0 12.00 89.00 101.00 OK
r-oldrel-macos-arm64 1.0.0 36.00 OK
r-oldrel-macos-x86_64 1.0.0 50.00 OK
r-oldrel-windows-x86_64 1.0.0 12.00 91.00 103.00 OK

Check Details

Version: 1.0.0
Check: dependencies in R code
Result: NOTE
    Namespace in Imports field not imported from: ‘MASS’
     All declared Imports should be used.
Flavors: r-devel-linux-x86_64-fedora-clang, r-devel-linux-x86_64-fedora-gcc