Last updated on 2024-04-18 20:55:29 CEST.
Flavor | Version | Tinstall | Tcheck | Ttotal | Status | Flags |
---|---|---|---|---|---|---|
r-devel-linux-x86_64-debian-clang | 1.0.0 | 9.89 | 76.48 | 86.37 | OK | |
r-devel-linux-x86_64-debian-gcc | 1.0.0 | 7.19 | 57.74 | 64.93 | OK | |
r-devel-linux-x86_64-fedora-clang | 1.0.0 | 113.34 | NOTE | |||
r-devel-linux-x86_64-fedora-gcc | 1.0.0 | 118.66 | NOTE | |||
r-prerel-macos-arm64 | 1.0.0 | 37.00 | OK | |||
r-prerel-windows-x86_64 | 1.0.0 | 7.00 | 74.00 | 81.00 | OK | |
r-patched-linux-x86_64 | 1.0.0 | 6.63 | 75.15 | 81.78 | OK | |
r-release-linux-x86_64 | 1.0.0 | 8.32 | 73.39 | 81.71 | OK | |
r-release-macos-arm64 | 1.0.0 | 42.00 | OK | |||
r-release-macos-x86_64 | 1.0.0 | 69.00 | OK | |||
r-release-windows-x86_64 | 1.0.0 | 11.00 | 87.00 | 98.00 | OK | |
r-oldrel-macos-arm64 | 1.0.0 | 36.00 | OK | |||
r-oldrel-windows-x86_64 | 1.0.0 | 11.00 | 88.00 | 99.00 | OK |
Version: 1.0.0
Check: dependencies in R code
Result: NOTE
Namespace in Imports field not imported from: ‘MASS’
All declared Imports should be used.
Flavors: r-devel-linux-x86_64-fedora-clang, r-devel-linux-x86_64-fedora-gcc